{"id":97904,"date":"2017-07-02T18:12:09","date_gmt":"2017-07-02T18:12:09","guid":{"rendered":"http:\/\/www.ceramictiles.com\/srbija\/product\/diamante-d-van-ne\/"},"modified":"2017-07-02T18:12:09","modified_gmt":"2017-07-02T18:12:09","slug":"diamante-d-van-ne","status":"publish","type":"product","link":"https:\/\/www.keramika.com\/srbija\/diamante-d-van-ne\/","title":{"rendered":"Diamante D Van Ne"},"content":{"rendered":"<p>Plo\u010dica na sliki je 15&#215;15 cm. Plo\u010dica je debela 8 mm, \u0161to je ubraja u tvrde plo\u010dice. plo\u010dica proizvo\u0111a\u010da Tonalite iz Italije. Keramika je prekrasne crne boje. U koliko \u017eelite neku drugu boju, pozovite nas i mi \u0107emo proveriti kod proizvo\u0111a\u010da.<\/p>\n<p>Kliknite na ime serije za sve plo\u010dice u toj seriji: <a class=\"pdfcatal\" href=\"\/\/www.ceramictiles.com\/pdf\/tonalite\/diamante.pdf\" onclick=\"recordOutboundLink(this, 'E-mail', 'Description PDF');return false;\">Tonalite Diamante<\/a><\/p>\n<p>Da bi naru\u010dili model iz PDF kataloga ove serije, molimo vas, da nas kontaktirate na: <a href=\"mailto:zo_mi@ceramictiles.com\" onclick=\"recordOutboundLink(this, 'E-mail', 'Description mail');return false;\">zo_mi@ceramictiles.com<\/a> ili nas pozovite na: For exact offer, PLS send us quantity and product you need with delivery address..<\/p>\n","protected":false},"excerpt":{"rendered":"<p>Plo\u010dica na sliki je 15&#215;15 cm. Plo\u010dica je debela 8 mm, \u0161to je ubraja u tvrde plo\u010dice. plo\u010dica proizvo\u0111a\u010da Tonalite iz Italije. Keramika je prekrasne crne boje. U koliko \u017eelite neku drugu boju, pozovite nas i mi \u0107emo proveriti kod proizvo\u0111a\u010da. Kliknite na ime serije za sve plo\u010dice u toj seriji: Tonalite Diamante Da bi [&hellip;]<\/p>\n","protected":false},"featured_media":97905,"template":"","meta":[],"product_cat":[200,230,999,9991048,250],"product_tag":[],"_links":{"self":[{"href":"https:\/\/www.keramika.com\/srbija\/wp-json\/wp\/v2\/product\/97904"}],"collection":[{"href":"https:\/\/www.keramika.com\/srbija\/wp-json\/wp\/v2\/product"}],"about":[{"href":"https:\/\/www.keramika.com\/srbija\/wp-json\/wp\/v2\/types\/product"}],"wp:featuredmedia":[{"embeddable":true,"href":"https:\/\/www.keramika.com\/srbija\/wp-json\/wp\/v2\/media\/97905"}],"wp:attachment":[{"href":"https:\/\/www.keramika.com\/srbija\/wp-json\/wp\/v2\/media?parent=97904"}],"wp:term":[{"taxonomy":"product_cat","embeddable":true,"href":"https:\/\/www.keramika.com\/srbija\/wp-json\/wp\/v2\/product_cat?post=97904"},{"taxonomy":"product_tag","embeddable":true,"href":"https:\/\/www.keramika.com\/srbija\/wp-json\/wp\/v2\/product_tag?post=97904"}],"curies":[{"name":"wp","href":"https:\/\/api.w.org\/{rel}","templated":true}]}}