{"id":97615,"date":"2017-07-02T17:22:07","date_gmt":"2017-07-02T17:22:07","guid":{"rendered":"http:\/\/www.ceramictiles.com\/srbija\/product\/ice-3d-decor\/"},"modified":"2026-01-05T00:00:52","modified_gmt":"2026-01-05T00:00:52","slug":"ice-3d-decor","status":"publish","type":"product","link":"https:\/\/www.keramika.com\/srbija\/ice-3d-decor\/","title":{"rendered":"Ice 3D Decor"},"content":{"rendered":"<p>U izboru plo\u010dica plave boje, ne mo\u017eete pogre\u0161iti. Ove plo\u010dice dolaze od proizvo\u0111a\u010da Bouquet ceramic, iz \u0160panije. Debljina plo\u010dice, je vrlo va\u017ena mm i ubraja tu plo\u010dicu me\u0111u najkvalitetnije. \u0160irina i du\u017eina plo\u010dice su 22,5&#215;22,5 cm. Redovna cena, ovih plo\u010dica u maloprodaji je 8975 RSD. U na\u0161oj online trgovini, je mo\u017eete kupiti za 7180 RSD.<\/p>\n<p>Kliknite na ime serije za sve plo\u010dice u toj seriji: <a class=\"pdfcatal\" href=\"\/\/www.ceramictiles.com\/pdf\/bouquet\/catalogue_bouquet_ice.pdf\">Bouquet ceramic Ice<\/a><\/p>\n<p>Da bi naru\u010dili model iz PDF kataloga ove serije, molimo vas, da nas kontaktirate na: <a href=\"mailto:zo_mi@ceramictiles.com\">zo_mi@ceramictiles.com<\/a> ili nas pozovite na: For exact offer, PLS send us quantity and product you need with delivery address..<\/p>\n<p>Technical description: 22,3&#215;23,5<\/p>\n","protected":false},"excerpt":{"rendered":"<p>U izboru plo\u010dica plave boje, ne mo\u017eete pogre\u0161iti. Ove plo\u010dice dolaze od proizvo\u0111a\u010da Bouquet ceramic, iz \u0160panije. Debljina plo\u010dice, je vrlo va\u017ena mm i ubraja tu plo\u010dicu me\u0111u najkvalitetnije. \u0160irina i du\u017eina plo\u010dice su 22,5&#215;22,5 cm. Redovna cena, ovih plo\u010dica u maloprodaji je 8975 RSD. U na\u0161oj online trgovini, je mo\u017eete kupiti za 7180 RSD. [&hellip;]<\/p>\n","protected":false},"featured_media":97616,"template":"","meta":[],"product_cat":[99921431,200,999,250],"product_tag":[99950088],"_links":{"self":[{"href":"https:\/\/www.keramika.com\/srbija\/wp-json\/wp\/v2\/product\/97615"}],"collection":[{"href":"https:\/\/www.keramika.com\/srbija\/wp-json\/wp\/v2\/product"}],"about":[{"href":"https:\/\/www.keramika.com\/srbija\/wp-json\/wp\/v2\/types\/product"}],"wp:featuredmedia":[{"embeddable":true,"href":"https:\/\/www.keramika.com\/srbija\/wp-json\/wp\/v2\/media\/97616"}],"wp:attachment":[{"href":"https:\/\/www.keramika.com\/srbija\/wp-json\/wp\/v2\/media?parent=97615"}],"wp:term":[{"taxonomy":"product_cat","embeddable":true,"href":"https:\/\/www.keramika.com\/srbija\/wp-json\/wp\/v2\/product_cat?post=97615"},{"taxonomy":"product_tag","embeddable":true,"href":"https:\/\/www.keramika.com\/srbija\/wp-json\/wp\/v2\/product_tag?post=97615"}],"curies":[{"name":"wp","href":"https:\/\/api.w.org\/{rel}","templated":true}]}}