{"id":97457,"date":"2017-09-05T16:44:34","date_gmt":"2017-09-05T16:44:34","guid":{"rendered":"http:\/\/www.ceramictiles.com\/srbija\/product\/realonda-tiffany-oro\/"},"modified":"2026-01-05T00:00:46","modified_gmt":"2026-01-05T00:00:46","slug":"realonda-tiffany-oro","status":"publish","type":"product","link":"https:\/\/www.keramika.com\/srbija\/realonda-tiffany-oro\/","title":{"rendered":"Realonda Tiffany Oro"},"content":{"rendered":"<p>Plo\u010dice zlate boje osvje\u017eit \u0107e svaki prostor. Veli\u010dina plo\u010dice je 33&#215;60 cm i odli\u010dna je za razli\u010dite povr\u0161ine. plo\u010dica proizvo\u0111a\u010da Realonda Ceramica iz \u0160panije. Realonda Tiffany Oro je dostupna po vrlo povoljnim cenama 2876,25 RSD. Ova plo\u010dica je debela 9 mm i zato je izuzetno izdr\u017eljiva.<\/p>\n<p>Kliknite na ime serije za sve plo\u010dice u toj seriji: <a class=\"pdfcatal\" href=\"\/\/www.ceramictiles.com\/pdf\/realonda\/tiffany.pdf\">Realonda Ceramica Tiffany<\/a><\/p>\n<p>Gres plo\u010dice<br \/>\n7 komada \/ kutija<br \/>\n1.38 m2 \/ kutija<br \/>\n26,09 kg \/ kutija<\/p>\n","protected":false},"excerpt":{"rendered":"<p>3D zlatne i srebrne zidne plo\u010dice<\/p>\n","protected":false},"featured_media":97458,"template":"","meta":[],"product_cat":[200,220,230,999,290,999114,250],"product_tag":[99950088,99950098,99950099,99950097],"_links":{"self":[{"href":"https:\/\/www.keramika.com\/srbija\/wp-json\/wp\/v2\/product\/97457"}],"collection":[{"href":"https:\/\/www.keramika.com\/srbija\/wp-json\/wp\/v2\/product"}],"about":[{"href":"https:\/\/www.keramika.com\/srbija\/wp-json\/wp\/v2\/types\/product"}],"wp:featuredmedia":[{"embeddable":true,"href":"https:\/\/www.keramika.com\/srbija\/wp-json\/wp\/v2\/media\/97458"}],"wp:attachment":[{"href":"https:\/\/www.keramika.com\/srbija\/wp-json\/wp\/v2\/media?parent=97457"}],"wp:term":[{"taxonomy":"product_cat","embeddable":true,"href":"https:\/\/www.keramika.com\/srbija\/wp-json\/wp\/v2\/product_cat?post=97457"},{"taxonomy":"product_tag","embeddable":true,"href":"https:\/\/www.keramika.com\/srbija\/wp-json\/wp\/v2\/product_tag?post=97457"}],"curies":[{"name":"wp","href":"https:\/\/api.w.org\/{rel}","templated":true}]}}