{"id":97356,"date":"2017-07-02T16:18:50","date_gmt":"2017-07-02T16:18:50","guid":{"rendered":"http:\/\/www.ceramictiles.com\/srbija\/product\/realonda-megane-color\/"},"modified":"2026-01-05T00:00:41","modified_gmt":"2026-01-05T00:00:41","slug":"realonda-megane-color","status":"publish","type":"product","link":"https:\/\/www.keramika.com\/srbija\/realonda-megane-color\/","title":{"rendered":"Realonda Megane Color"},"content":{"rendered":"<p>Redovna cena, ovih plo\u010dica u maloprodaji je 4977,5 RSD. U na\u0161oj online trgovini, je mo\u017eete kupiti za 3982,5 RSD. Debljina plo\u010dice, je vrlo va\u017ena 9 mm i ubraja tu plo\u010dicu me\u0111u najkvalitetnije. Realonda Megane Color je proizvod iz \u0160panije te je izuzetno kvalitetna. Plo\u010dice be\u017e boje osvje\u017eit \u0107e svaki prostor. Plo\u010dica 31&#215;56 cm je dobra za ve\u0107 razli\u010ditih namena.<\/p>\n<p>Kliknite na ime serije za sve plo\u010dice u toj seriji: <a class=\"pdfcatal\" href=\"\/\/www.ceramictiles.com\/pdf\/realonda\/megane.pdf\">Realonda Ceramica Megane<\/a><\/p>\n<p>Da bi naru\u010dili model iz PDF kataloga ove serije, molimo vas, da nas kontaktirate na: <a href=\"mailto:zo_mi@ceramictiles.com\">zo_mi@ceramictiles.com<\/a> ili nas pozovite na: For exact offer, PLS send us quantity and product you need with delivery address..<\/p>\n","protected":false},"excerpt":{"rendered":"<p>Redovna cena, ovih plo\u010dica u maloprodaji je 4977,5 RSD. U na\u0161oj online trgovini, je mo\u017eete kupiti za 3982,5 RSD. Debljina plo\u010dice, je vrlo va\u017ena 9 mm i ubraja tu plo\u010dicu me\u0111u najkvalitetnije. Realonda Megane Color je proizvod iz \u0160panije te je izuzetno kvalitetna. Plo\u010dice be\u017e boje osvje\u017eit \u0107e svaki prostor. Plo\u010dica 31&#215;56 cm je dobra [&hellip;]<\/p>\n","protected":false},"featured_media":97357,"template":"","meta":[],"product_cat":[200,220,230,999,999114],"product_tag":[],"_links":{"self":[{"href":"https:\/\/www.keramika.com\/srbija\/wp-json\/wp\/v2\/product\/97356"}],"collection":[{"href":"https:\/\/www.keramika.com\/srbija\/wp-json\/wp\/v2\/product"}],"about":[{"href":"https:\/\/www.keramika.com\/srbija\/wp-json\/wp\/v2\/types\/product"}],"wp:featuredmedia":[{"embeddable":true,"href":"https:\/\/www.keramika.com\/srbija\/wp-json\/wp\/v2\/media\/97357"}],"wp:attachment":[{"href":"https:\/\/www.keramika.com\/srbija\/wp-json\/wp\/v2\/media?parent=97356"}],"wp:term":[{"taxonomy":"product_cat","embeddable":true,"href":"https:\/\/www.keramika.com\/srbija\/wp-json\/wp\/v2\/product_cat?post=97356"},{"taxonomy":"product_tag","embeddable":true,"href":"https:\/\/www.keramika.com\/srbija\/wp-json\/wp\/v2\/product_tag?post=97356"}],"curies":[{"name":"wp","href":"https:\/\/api.w.org\/{rel}","templated":true}]}}