{"id":97315,"date":"2017-07-02T16:08:04","date_gmt":"2017-07-02T16:08:04","guid":{"rendered":"http:\/\/www.ceramictiles.com\/srbija\/product\/realonda-london-cotto\/"},"modified":"2026-01-05T00:00:40","modified_gmt":"2026-01-05T00:00:40","slug":"realonda-london-cotto","status":"publish","type":"product","link":"https:\/\/www.keramika.com\/srbija\/realonda-london-cotto\/","title":{"rendered":"Realonda London Cotto"},"content":{"rendered":"<p>Realonda London Cotto dolazi iz \u0160panije, koja je poznata po vrlo visokoj kvaliteta keramike u svetu. Online cena je samo 4462,5 RSD, dok redovna, maloprodajna cena 5577,5 RSD. \u0160irina i du\u017eina plo\u010dice su 44&#215;66 cm. Plo\u010dica je debela 9 mm, \u0161to je ubraja u tvrde plo\u010dice. Plo\u010dice be\u017e boje, su letos izuzetno tre\u017eene.<\/p>\n<p>Kliknite na ime serije za sve plo\u010dice u toj seriji: <a class=\"pdfcatal\" href=\"\/\/www.ceramictiles.com\/pdf\/realonda\/london.pdf\">Realonda Ceramica London<\/a><\/p>\n<p>Da bi naru\u010dili model iz PDF kataloga ove serije, molimo vas, da nas kontaktirate na: <a href=\"mailto:zo_mi@ceramictiles.com\">zo_mi@ceramictiles.com<\/a> ili nas pozovite na: For exact offer, PLS send us quantity and product you need with delivery address..<\/p>\n","protected":false},"excerpt":{"rendered":"<p>Realonda London Cotto dolazi iz \u0160panije, koja je poznata po vrlo visokoj kvaliteta keramike u svetu. Online cena je samo 4462,5 RSD, dok redovna, maloprodajna cena 5577,5 RSD. \u0160irina i du\u017eina plo\u010dice su 44&#215;66 cm. Plo\u010dica je debela 9 mm, \u0161to je ubraja u tvrde plo\u010dice. Plo\u010dice be\u017e boje, su letos izuzetno tre\u017eene. Kliknite na [&hellip;]<\/p>\n","protected":false},"featured_media":97316,"template":"","meta":[],"product_cat":[200,220,230,999,999114],"product_tag":[],"_links":{"self":[{"href":"https:\/\/www.keramika.com\/srbija\/wp-json\/wp\/v2\/product\/97315"}],"collection":[{"href":"https:\/\/www.keramika.com\/srbija\/wp-json\/wp\/v2\/product"}],"about":[{"href":"https:\/\/www.keramika.com\/srbija\/wp-json\/wp\/v2\/types\/product"}],"wp:featuredmedia":[{"embeddable":true,"href":"https:\/\/www.keramika.com\/srbija\/wp-json\/wp\/v2\/media\/97316"}],"wp:attachment":[{"href":"https:\/\/www.keramika.com\/srbija\/wp-json\/wp\/v2\/media?parent=97315"}],"wp:term":[{"taxonomy":"product_cat","embeddable":true,"href":"https:\/\/www.keramika.com\/srbija\/wp-json\/wp\/v2\/product_cat?post=97315"},{"taxonomy":"product_tag","embeddable":true,"href":"https:\/\/www.keramika.com\/srbija\/wp-json\/wp\/v2\/product_tag?post=97315"}],"curies":[{"name":"wp","href":"https:\/\/api.w.org\/{rel}","templated":true}]}}