{"id":97263,"date":"2017-07-02T15:55:29","date_gmt":"2017-07-02T15:55:29","guid":{"rendered":"http:\/\/www.ceramictiles.com\/srbija\/product\/realonda-harmony-stone\/"},"modified":"2026-01-05T00:00:38","modified_gmt":"2026-01-05T00:00:38","slug":"realonda-harmony-stone","status":"publish","type":"product","link":"https:\/\/www.keramika.com\/srbija\/realonda-harmony-stone\/","title":{"rendered":"Realonda Harmony Stone"},"content":{"rendered":"<p>Ove plo\u010dice dolaze od proizvo\u0111a\u010da Realonda Ceramica, iz \u0160panije. Plo\u010dice be\u017e boje osvje\u017eit \u0107e svaki prostor. 9 mm debljine je dovoljno za zahtevnije kupce. U maloprodaji bi morali za tu plo\u010dicu platiti 4977,5 RSD, online cena je samo 3982,5 RSD. Dimenzije ovih plo\u010dica su 31&#215;56 cm.<\/p>\n<p>Kliknite na ime serije za sve plo\u010dice u toj seriji: <a class=\"pdfcatal\" href=\"\/\/www.ceramictiles.com\/pdf\/realonda\/harmony.pdf\">Realonda Ceramica Harmony<\/a><\/p>\n<p>Da bi naru\u010dili model iz PDF kataloga ove serije, molimo vas, da nas kontaktirate na: <a href=\"mailto:zo_mi@ceramictiles.com\">zo_mi@ceramictiles.com<\/a> ili nas pozovite na: For exact offer, PLS send us quantity and product you need with delivery address..<\/p>\n","protected":false},"excerpt":{"rendered":"<p>Ove plo\u010dice dolaze od proizvo\u0111a\u010da Realonda Ceramica, iz \u0160panije. Plo\u010dice be\u017e boje osvje\u017eit \u0107e svaki prostor. 9 mm debljine je dovoljno za zahtevnije kupce. U maloprodaji bi morali za tu plo\u010dicu platiti 4977,5 RSD, online cena je samo 3982,5 RSD. Dimenzije ovih plo\u010dica su 31&#215;56 cm. Kliknite na ime serije za sve plo\u010dice u toj [&hellip;]<\/p>\n","protected":false},"featured_media":97264,"template":"","meta":[],"product_cat":[200,220,230,999,999114],"product_tag":[],"_links":{"self":[{"href":"https:\/\/www.keramika.com\/srbija\/wp-json\/wp\/v2\/product\/97263"}],"collection":[{"href":"https:\/\/www.keramika.com\/srbija\/wp-json\/wp\/v2\/product"}],"about":[{"href":"https:\/\/www.keramika.com\/srbija\/wp-json\/wp\/v2\/types\/product"}],"wp:featuredmedia":[{"embeddable":true,"href":"https:\/\/www.keramika.com\/srbija\/wp-json\/wp\/v2\/media\/97264"}],"wp:attachment":[{"href":"https:\/\/www.keramika.com\/srbija\/wp-json\/wp\/v2\/media?parent=97263"}],"wp:term":[{"taxonomy":"product_cat","embeddable":true,"href":"https:\/\/www.keramika.com\/srbija\/wp-json\/wp\/v2\/product_cat?post=97263"},{"taxonomy":"product_tag","embeddable":true,"href":"https:\/\/www.keramika.com\/srbija\/wp-json\/wp\/v2\/product_tag?post=97263"}],"curies":[{"name":"wp","href":"https:\/\/api.w.org\/{rel}","templated":true}]}}