{"id":96952,"date":"2017-07-02T14:41:27","date_gmt":"2017-07-02T14:41:27","guid":{"rendered":"http:\/\/www.ceramictiles.com\/srbija\/product\/match-magenta\/"},"modified":"2026-01-05T00:00:28","modified_gmt":"2026-01-05T00:00:28","slug":"match-magenta","status":"publish","type":"product","link":"https:\/\/www.keramika.com\/srbija\/match-magenta\/","title":{"rendered":"Match magenta"},"content":{"rendered":"<p>Veli\u010dina plo\u010dice je 33,3&#215;33,3 cm i odli\u010dna je za razli\u010dite povr\u0161ine. Match magenta je dostupna po vrlo povoljnim cenama 3396,25 RSD. Plo\u010dice roze boje, su letos izuzetno tre\u017eene. Debljina plo\u010dice, je vrlo va\u017ena 8 mm i ubraja tu plo\u010dicu me\u0111u najkvalitetnije. Ove plo\u010dice dolaze od proizvo\u0111a\u010da Aleluia, iz Portugala.<\/p>\n<p>Kliknite na ime serije za sve plo\u010dice u toj seriji: <a class=\"pdfcatal\" href=\"\/\/www.ceramictiles.com\/pdf\/aleluia\/catalogue_aleluia_match.pdf\" onclick=\"recordOutboundLink(this, 'E-mail', 'Description PDF');return false;\">Aleluia Match<\/a><\/p>\n<p>Da bi naru\u010dili model iz PDF kataloga ove serije, molimo vas, da nas kontaktirate na: <a href=\"mailto:zo_mi@ceramictiles.com\" onclick=\"recordOutboundLink(this, 'E-mail', 'Description mail');return false;\">zo_mi@ceramictiles.com<\/a> ili nas pozovite na: For exact offer, PLS send us quantity and product you need with delivery address..<\/p>\n","protected":false},"excerpt":{"rendered":"<p>Veli\u010dina plo\u010dice je 33,3&#215;33,3 cm i odli\u010dna je za razli\u010dite povr\u0161ine. Match magenta je dostupna po vrlo povoljnim cenama 3396,25 RSD. Plo\u010dice roze boje, su letos izuzetno tre\u017eene. Debljina plo\u010dice, je vrlo va\u017ena 8 mm i ubraja tu plo\u010dicu me\u0111u najkvalitetnije. Ove plo\u010dice dolaze od proizvo\u0111a\u010da Aleluia, iz Portugala. Kliknite na ime serije za sve [&hellip;]<\/p>\n","protected":false},"featured_media":96953,"template":"","meta":[],"product_cat":[99,9991192,200,999],"product_tag":[],"_links":{"self":[{"href":"https:\/\/www.keramika.com\/srbija\/wp-json\/wp\/v2\/product\/96952"}],"collection":[{"href":"https:\/\/www.keramika.com\/srbija\/wp-json\/wp\/v2\/product"}],"about":[{"href":"https:\/\/www.keramika.com\/srbija\/wp-json\/wp\/v2\/types\/product"}],"wp:featuredmedia":[{"embeddable":true,"href":"https:\/\/www.keramika.com\/srbija\/wp-json\/wp\/v2\/media\/96953"}],"wp:attachment":[{"href":"https:\/\/www.keramika.com\/srbija\/wp-json\/wp\/v2\/media?parent=96952"}],"wp:term":[{"taxonomy":"product_cat","embeddable":true,"href":"https:\/\/www.keramika.com\/srbija\/wp-json\/wp\/v2\/product_cat?post=96952"},{"taxonomy":"product_tag","embeddable":true,"href":"https:\/\/www.keramika.com\/srbija\/wp-json\/wp\/v2\/product_tag?post=96952"}],"curies":[{"name":"wp","href":"https:\/\/api.w.org\/{rel}","templated":true}]}}