{"id":96876,"date":"2017-07-02T14:23:40","date_gmt":"2017-07-02T14:23:40","guid":{"rendered":"http:\/\/www.ceramictiles.com\/srbija\/product\/castle-honey-oak\/"},"modified":"2026-01-05T00:00:26","modified_gmt":"2026-01-05T00:00:26","slug":"castle-honey-oak","status":"publish","type":"product","link":"https:\/\/www.keramika.com\/srbija\/castle-honey-oak\/","title":{"rendered":"Castle honey oak"},"content":{"rendered":"<p>Debljina plo\u010dice, je vrlo va\u017ena 10 mm i ubraja tu plo\u010dicu me\u0111u najkvalitetnije. Plo\u010dice dolaze iz Portugala, koja je poznata po kvalitetnoj keramiki. Dimenzije ovih plo\u010dica su 22,5&#215;90 cm. Online cena je samo 4273,75 RSD, dok redovna, maloprodajna cena 5342,5 RSD. Plo\u010dice be\u017e boje, su letos izuzetno tre\u017eene.<\/p>\n<p>Kliknite na ime serije za sve plo\u010dice u toj seriji: <a class=\"pdfcatal\" href=\"\/\/www.ceramictiles.com\/pdf\/aleluia\/catalogue_aleluia_castle.pdf\" onclick=\"recordOutboundLink(this, 'E-mail', 'Description PDF');return false;\">Aleluia Castle<\/a><\/p>\n<p>Da bi naru\u010dili model iz PDF kataloga ove serije, molimo vas, da nas kontaktirate na: <a href=\"mailto:zo_mi@ceramictiles.com\" onclick=\"recordOutboundLink(this, 'E-mail', 'Description mail');return false;\">zo_mi@ceramictiles.com<\/a> ili nas pozovite na: For exact offer, PLS send us quantity and product you need with delivery address..<\/p>\n<p>Technical description: 22.05x90x1 cm<\/p>\n","protected":false},"excerpt":{"rendered":"<p>Debljina plo\u010dice, je vrlo va\u017ena 10 mm i ubraja tu plo\u010dicu me\u0111u najkvalitetnije. Plo\u010dice dolaze iz Portugala, koja je poznata po kvalitetnoj keramiki. Dimenzije ovih plo\u010dica su 22,5&#215;90 cm. Online cena je samo 4273,75 RSD, dok redovna, maloprodajna cena 5342,5 RSD. Plo\u010dice be\u017e boje, su letos izuzetno tre\u017eene. Kliknite na ime serije za sve plo\u010dice [&hellip;]<\/p>\n","protected":false},"featured_media":96877,"template":"","meta":[],"product_cat":[99,9991192,200,999],"product_tag":[],"_links":{"self":[{"href":"https:\/\/www.keramika.com\/srbija\/wp-json\/wp\/v2\/product\/96876"}],"collection":[{"href":"https:\/\/www.keramika.com\/srbija\/wp-json\/wp\/v2\/product"}],"about":[{"href":"https:\/\/www.keramika.com\/srbija\/wp-json\/wp\/v2\/types\/product"}],"wp:featuredmedia":[{"embeddable":true,"href":"https:\/\/www.keramika.com\/srbija\/wp-json\/wp\/v2\/media\/96877"}],"wp:attachment":[{"href":"https:\/\/www.keramika.com\/srbija\/wp-json\/wp\/v2\/media?parent=96876"}],"wp:term":[{"taxonomy":"product_cat","embeddable":true,"href":"https:\/\/www.keramika.com\/srbija\/wp-json\/wp\/v2\/product_cat?post=96876"},{"taxonomy":"product_tag","embeddable":true,"href":"https:\/\/www.keramika.com\/srbija\/wp-json\/wp\/v2\/product_tag?post=96876"}],"curies":[{"name":"wp","href":"https:\/\/api.w.org\/{rel}","templated":true}]}}