{"id":96861,"date":"2017-07-02T14:20:33","date_gmt":"2017-07-02T14:20:33","guid":{"rendered":"http:\/\/www.ceramictiles.com\/srbija\/product\/alpe-anthracite\/"},"modified":"2026-01-05T00:00:25","modified_gmt":"2026-01-05T00:00:25","slug":"alpe-anthracite","status":"publish","type":"product","link":"https:\/\/www.keramika.com\/srbija\/alpe-anthracite\/","title":{"rendered":"Alpe anthracite"},"content":{"rendered":"<p>Proizvodnja Portugala ,koja je poznata u svetu, kao jedana od najboljih proizvo\u0111a\u010da kerami\u010dkih plo\u010dica. Izuzetno moderne plo\u010dice crne boje, osve\u017eit \u0107e svaki prostor. Online cena je samo 3290 RSD, dok redovna, maloprodajna cena 4113,75 RSD. 10 mm debljine je dovoljno za zahtevnije kupce. Veli\u010dina 30&#215;60 cm je odli\u010dna za sve podloge.<\/p>\n<p>Kliknite na ime serije za sve plo\u010dice u toj seriji: <a class=\"pdfcatal\" href=\"\/\/www.ceramictiles.com\/pdf\/aleluia\/catalogue_aleluia_alpe.pdf\" onclick=\"recordOutboundLink(this, 'E-mail', 'Description PDF');return false;\">Aleluia Alpe<\/a><\/p>\n<p>Da bi naru\u010dili model iz PDF kataloga ove serije, molimo vas, da nas kontaktirate na: <a href=\"mailto:zo_mi@ceramictiles.com\" onclick=\"recordOutboundLink(this, 'E-mail', 'Description mail');return false;\">zo_mi@ceramictiles.com<\/a> ili nas pozovite na: For exact offer, PLS send us quantity and product you need with delivery address..<\/p>\n","protected":false},"excerpt":{"rendered":"<p>Proizvodnja Portugala ,koja je poznata u svetu, kao jedana od najboljih proizvo\u0111a\u010da kerami\u010dkih plo\u010dica. Izuzetno moderne plo\u010dice crne boje, osve\u017eit \u0107e svaki prostor. Online cena je samo 3290 RSD, dok redovna, maloprodajna cena 4113,75 RSD. 10 mm debljine je dovoljno za zahtevnije kupce. Veli\u010dina 30&#215;60 cm je odli\u010dna za sve podloge. Kliknite na ime serije [&hellip;]<\/p>\n","protected":false},"featured_media":96862,"template":"","meta":[],"product_cat":[99,9991192,200,999],"product_tag":[],"_links":{"self":[{"href":"https:\/\/www.keramika.com\/srbija\/wp-json\/wp\/v2\/product\/96861"}],"collection":[{"href":"https:\/\/www.keramika.com\/srbija\/wp-json\/wp\/v2\/product"}],"about":[{"href":"https:\/\/www.keramika.com\/srbija\/wp-json\/wp\/v2\/types\/product"}],"wp:featuredmedia":[{"embeddable":true,"href":"https:\/\/www.keramika.com\/srbija\/wp-json\/wp\/v2\/media\/96862"}],"wp:attachment":[{"href":"https:\/\/www.keramika.com\/srbija\/wp-json\/wp\/v2\/media?parent=96861"}],"wp:term":[{"taxonomy":"product_cat","embeddable":true,"href":"https:\/\/www.keramika.com\/srbija\/wp-json\/wp\/v2\/product_cat?post=96861"},{"taxonomy":"product_tag","embeddable":true,"href":"https:\/\/www.keramika.com\/srbija\/wp-json\/wp\/v2\/product_tag?post=96861"}],"curies":[{"name":"wp","href":"https:\/\/api.w.org\/{rel}","templated":true}]}}