{"id":96849,"date":"2017-07-02T14:18:26","date_gmt":"2017-07-02T14:18:26","guid":{"rendered":"http:\/\/www.ceramictiles.com\/srbija\/product\/utrera-teja\/"},"modified":"2026-01-05T00:00:24","modified_gmt":"2026-01-05T00:00:24","slug":"utrera-teja","status":"publish","type":"product","link":"https:\/\/www.keramika.com\/srbija\/utrera-teja\/","title":{"rendered":"Utrera Teja"},"content":{"rendered":"<p>Ove plo\u010dice dolaze od proizvo\u0111a\u010da Cicogres, iz \u0160panije. Ova plo\u010dica je debela mm i zato je izuzetno izdr\u017eljiva. Veli\u010dina ove plo\u010dice je 45&#215;45 cm. Plo\u010dice crvene boje osvje\u017eit \u0107e svaki prostor. Umesto 2265 RSD \u0161to je redovna maloprodajna cena keramike, u na\u0161oj online prodavnici, je mo\u017eete dobiti za samo 1812,5 RSD.<\/p>\n<p>Kliknite na ime serije za sve plo\u010dice u toj seriji: <a class=\"pdfcatal\" href=\"\/\/www.ceramictiles.com\/pdf\/cicogres\/catalogue_cicogres_utrera.pdf\" onclick=\"recordOutboundLink(this, 'E-mail', 'Description PDF');return false;\">Cicogres Utrera<\/a><\/p>\n<p>Da bi naru\u010dili model iz PDF kataloga ove serije, molimo vas, da nas kontaktirate na: <a href=\"mailto:zo_mi@ceramictiles.com\" onclick=\"recordOutboundLink(this, 'E-mail', 'Description mail');return false;\">zo_mi@ceramictiles.com<\/a> ili nas pozovite na: For exact offer, PLS send us quantity and product you need with delivery address..<\/p>\n","protected":false},"excerpt":{"rendered":"<p>Ove plo\u010dice dolaze od proizvo\u0111a\u010da Cicogres, iz \u0160panije. Ova plo\u010dica je debela mm i zato je izuzetno izdr\u017eljiva. Veli\u010dina ove plo\u010dice je 45&#215;45 cm. Plo\u010dice crvene boje osvje\u017eit \u0107e svaki prostor. Umesto 2265 RSD \u0161to je redovna maloprodajna cena keramike, u na\u0161oj online prodavnici, je mo\u017eete dobiti za samo 1812,5 RSD. Kliknite na ime serije [&hellip;]<\/p>\n","protected":false},"featured_media":96850,"template":"","meta":[],"product_cat":[999964,200,999],"product_tag":[],"_links":{"self":[{"href":"https:\/\/www.keramika.com\/srbija\/wp-json\/wp\/v2\/product\/96849"}],"collection":[{"href":"https:\/\/www.keramika.com\/srbija\/wp-json\/wp\/v2\/product"}],"about":[{"href":"https:\/\/www.keramika.com\/srbija\/wp-json\/wp\/v2\/types\/product"}],"wp:featuredmedia":[{"embeddable":true,"href":"https:\/\/www.keramika.com\/srbija\/wp-json\/wp\/v2\/media\/96850"}],"wp:attachment":[{"href":"https:\/\/www.keramika.com\/srbija\/wp-json\/wp\/v2\/media?parent=96849"}],"wp:term":[{"taxonomy":"product_cat","embeddable":true,"href":"https:\/\/www.keramika.com\/srbija\/wp-json\/wp\/v2\/product_cat?post=96849"},{"taxonomy":"product_tag","embeddable":true,"href":"https:\/\/www.keramika.com\/srbija\/wp-json\/wp\/v2\/product_tag?post=96849"}],"curies":[{"name":"wp","href":"https:\/\/api.w.org\/{rel}","templated":true}]}}