{"id":96669,"date":"2018-01-10T13:47:26","date_gmt":"2018-01-10T13:47:26","guid":{"rendered":"http:\/\/www.ceramictiles.com\/srbija\/product\/keramika-za-terase-natucer-piemonte-torino\/"},"modified":"2026-01-04T00:03:19","modified_gmt":"2026-01-04T00:03:19","slug":"keramika-za-terase-natucer-piemonte-torino","status":"publish","type":"product","link":"https:\/\/www.keramika.com\/srbija\/keramika-za-terase-natucer-piemonte-torino\/","title":{"rendered":"Keramika za terase Natucer Piemonte Torino"},"content":{"rendered":"<p>Proizvodnja \u0160panije ,koja je poznata u svetu, kao jedana od najboljih proizvo\u0111a\u010da kerami\u010dkih plo\u010dica. Izuzetno moderne plo\u010dice braon boje, osve\u017eit \u0107e svaki prostor. Plo\u010dica je debela mm, \u0161to je ubraja u tvrde plo\u010dice. Veli\u010dina 36&#215;36 cm je odli\u010dna za sve podloge. U maloprodaji bi morali za tu plo\u010dicu platiti 5716,25 RSD, online cena je samo 4573,75 RSD.<\/p>\n<p>Kliknite na ime serije za sve plo\u010dice u toj seriji: <a class=\"pdfcatal\" href=\"\/\/www.ceramictiles.com\/pdf\/natucer\/catalogue_natucer_piemonte.pdf\">Natucer Ceramica Piemonte<\/a><\/p>\n<p>3 &#8211; Boje: Asti \/ Alessandria; Novarra \/ Biella i Torino \/ Vercelli<br \/>\n5 &#8211; Veli\u010dine: 36k36; 15,5k36; 18k36; 15,5k15,5 i 18k18<br \/>\n8 &#8211; Specijalni delovi: Angulo Peldano Curvo; Zocalo; Zankuin; V-Cap; Eskuina V-Cap; Torello i Eskuina Torello<br \/>\n2 &#8211; povr\u0161ina<\/p>\n","protected":false},"excerpt":{"rendered":"<p>Cotto klinker (porcelanska ekstrudirane plo\u010dice &#8211; mat povr\u0161ine) debljine 9 mm<\/p>\n","protected":false},"featured_media":96670,"template":"","meta":[],"product_cat":[150,100,9991435,260,999,270,110,120],"product_tag":[99950100,99950098,99950099,99950094,99950091],"_links":{"self":[{"href":"https:\/\/www.keramika.com\/srbija\/wp-json\/wp\/v2\/product\/96669"}],"collection":[{"href":"https:\/\/www.keramika.com\/srbija\/wp-json\/wp\/v2\/product"}],"about":[{"href":"https:\/\/www.keramika.com\/srbija\/wp-json\/wp\/v2\/types\/product"}],"wp:featuredmedia":[{"embeddable":true,"href":"https:\/\/www.keramika.com\/srbija\/wp-json\/wp\/v2\/media\/96670"}],"wp:attachment":[{"href":"https:\/\/www.keramika.com\/srbija\/wp-json\/wp\/v2\/media?parent=96669"}],"wp:term":[{"taxonomy":"product_cat","embeddable":true,"href":"https:\/\/www.keramika.com\/srbija\/wp-json\/wp\/v2\/product_cat?post=96669"},{"taxonomy":"product_tag","embeddable":true,"href":"https:\/\/www.keramika.com\/srbija\/wp-json\/wp\/v2\/product_tag?post=96669"}],"curies":[{"name":"wp","href":"https:\/\/api.w.org\/{rel}","templated":true}]}}