{"id":96619,"date":"2017-07-02T13:38:22","date_gmt":"2017-07-02T13:38:22","guid":{"rendered":"http:\/\/www.ceramictiles.com\/srbija\/product\/plocice-imitacija-kamena-azuvi-multistone-ash\/"},"modified":"2026-01-04T00:03:14","modified_gmt":"2026-01-04T00:03:14","slug":"plocice-imitacija-kamena-azuvi-multistone-ash","status":"publish","type":"product","link":"https:\/\/www.keramika.com\/srbija\/plocice-imitacija-kamena-azuvi-multistone-ash\/","title":{"rendered":"Plo\u010dice imitacija kamena Azuvi Multistone Ash"},"content":{"rendered":"<p>Plo\u010dice dolaze iz \u0160panije, koja je poznata po kvalitetnoj keramiki. Veli\u010dina 30&#215;90 cm je odli\u010dna za sve podloge. Izuzetno moderne plo\u010dice sive boje, osve\u017eit \u0107e svaki prostor. Plo\u010dica je debela 10 mm, \u0161to je ubraja u tvrde plo\u010dice. U maloprodaji bi morali za tu plo\u010dicu platiti 5462,5 RSD, online cena je samo 4370 RSD.<\/p>\n<p>Kliknite na ime serije za sve plo\u010dice u toj seriji: <a class=\"pdfcatal\" href=\"\/\/www.ceramictiles.com\/pdf\/azuvi\/catalogue_azuvi_whites.pdf\" onclick=\"recordOutboundLink(this, 'E-mail', 'Description PDF');return false;\">Azuvi Ceramica Whites<\/a><\/p>\n<p>Da bi naru\u010dili model iz PDF kataloga ove serije, molimo vas, da nas kontaktirate na: <a href=\"mailto:zo_mi@ceramictiles.com\" onclick=\"recordOutboundLink(this, 'E-mail', 'Description mail');return false;\">zo_mi@ceramictiles.com<\/a> ili nas pozovite na: For exact offer, PLS send us quantity and product you need with delivery address..<\/p>\n","protected":false},"excerpt":{"rendered":"<p>Plo\u010dice dolaze iz \u0160panije, koja je poznata po kvalitetnoj keramiki. Veli\u010dina 30&#215;90 cm je odli\u010dna za sve podloge. Izuzetno moderne plo\u010dice sive boje, osve\u017eit \u0107e svaki prostor. Plo\u010dica je debela 10 mm, \u0161to je ubraja u tvrde plo\u010dice. U maloprodaji bi morali za tu plo\u010dicu platiti 5462,5 RSD, online cena je samo 4370 RSD. Kliknite [&hellip;]<\/p>\n","protected":false},"featured_media":96620,"template":"","meta":[],"product_cat":[99921412,200,999],"product_tag":[99950096],"_links":{"self":[{"href":"https:\/\/www.keramika.com\/srbija\/wp-json\/wp\/v2\/product\/96619"}],"collection":[{"href":"https:\/\/www.keramika.com\/srbija\/wp-json\/wp\/v2\/product"}],"about":[{"href":"https:\/\/www.keramika.com\/srbija\/wp-json\/wp\/v2\/types\/product"}],"wp:featuredmedia":[{"embeddable":true,"href":"https:\/\/www.keramika.com\/srbija\/wp-json\/wp\/v2\/media\/96620"}],"wp:attachment":[{"href":"https:\/\/www.keramika.com\/srbija\/wp-json\/wp\/v2\/media?parent=96619"}],"wp:term":[{"taxonomy":"product_cat","embeddable":true,"href":"https:\/\/www.keramika.com\/srbija\/wp-json\/wp\/v2\/product_cat?post=96619"},{"taxonomy":"product_tag","embeddable":true,"href":"https:\/\/www.keramika.com\/srbija\/wp-json\/wp\/v2\/product_tag?post=96619"}],"curies":[{"name":"wp","href":"https:\/\/api.w.org\/{rel}","templated":true}]}}