{"id":96563,"date":"2017-07-02T13:29:02","date_gmt":"2017-07-02T13:29:02","guid":{"rendered":"http:\/\/www.ceramictiles.com\/srbija\/product\/pamesa-lisboa-marfil\/"},"modified":"2026-01-04T00:03:08","modified_gmt":"2026-01-04T00:03:08","slug":"pamesa-lisboa-marfil","status":"publish","type":"product","link":"https:\/\/www.keramika.com\/srbija\/pamesa-lisboa-marfil\/","title":{"rendered":"Pamesa Lisboa Marfil"},"content":{"rendered":"<p>Online cena je samo 2513,9 RSD, dok redovna, maloprodajna cena 3141,8 RSD. \u0160irina i du\u017eina plo\u010dice su 45&#215;45 cm. plo\u010dica proizvo\u0111a\u010da Pamesa Ceramica iz \u0160panije. Debljina 9 mm \u010dini plo\u010dicu vrlo izdr\u017eljivom i prijatnom na dodir. Plo\u010dice be\u017e boje, su letos izuzetno tre\u017eene.<\/p>\n<p>Kliknite na ime serije za sve plo\u010dice u toj seriji: <a class=\"pdfcatal\" href=\"\/\/www.ceramictiles.com\/pdf\/pamesa\/catalogue_pamesa_lisboa.pdf\" onclick=\"recordOutboundLink(this, 'E-mail', 'Description PDF');return false;\">Pamesa Ceramica Lisboa<\/a><\/p>\n<p>Da bi naru\u010dili model iz PDF kataloga ove serije, molimo vas, da nas kontaktirate na: <a href=\"mailto:zo_mi@ceramictiles.com\" onclick=\"recordOutboundLink(this, 'E-mail', 'Description mail');return false;\">zo_mi@ceramictiles.com<\/a> ili nas pozovite na: For exact offer, PLS send us quantity and product you need with delivery address..<\/p>\n","protected":false},"excerpt":{"rendered":"<p>Online cena je samo 2513,9 RSD, dok redovna, maloprodajna cena 3141,8 RSD. \u0160irina i du\u017eina plo\u010dice su 45&#215;45 cm. plo\u010dica proizvo\u0111a\u010da Pamesa Ceramica iz \u0160panije. Debljina 9 mm \u010dini plo\u010dicu vrlo izdr\u017eljivom i prijatnom na dodir. Plo\u010dice be\u017e boje, su letos izuzetno tre\u017eene. Kliknite na ime serije za sve plo\u010dice u toj seriji: Pamesa Ceramica [&hellip;]<\/p>\n","protected":false},"featured_media":96564,"template":"","meta":[],"product_cat":[200,999107,999],"product_tag":[],"_links":{"self":[{"href":"https:\/\/www.keramika.com\/srbija\/wp-json\/wp\/v2\/product\/96563"}],"collection":[{"href":"https:\/\/www.keramika.com\/srbija\/wp-json\/wp\/v2\/product"}],"about":[{"href":"https:\/\/www.keramika.com\/srbija\/wp-json\/wp\/v2\/types\/product"}],"wp:featuredmedia":[{"embeddable":true,"href":"https:\/\/www.keramika.com\/srbija\/wp-json\/wp\/v2\/media\/96564"}],"wp:attachment":[{"href":"https:\/\/www.keramika.com\/srbija\/wp-json\/wp\/v2\/media?parent=96563"}],"wp:term":[{"taxonomy":"product_cat","embeddable":true,"href":"https:\/\/www.keramika.com\/srbija\/wp-json\/wp\/v2\/product_cat?post=96563"},{"taxonomy":"product_tag","embeddable":true,"href":"https:\/\/www.keramika.com\/srbija\/wp-json\/wp\/v2\/product_tag?post=96563"}],"curies":[{"name":"wp","href":"https:\/\/api.w.org\/{rel}","templated":true}]}}