{"id":96391,"date":"2017-07-02T13:00:14","date_gmt":"2017-07-02T13:00:14","guid":{"rendered":"http:\/\/www.ceramictiles.com\/srbija\/product\/pamesa-tripoli-mate-blanco\/"},"modified":"2026-01-04T00:02:47","modified_gmt":"2026-01-04T00:02:47","slug":"pamesa-tripoli-mate-blanco","status":"publish","type":"product","link":"https:\/\/www.keramika.com\/srbija\/pamesa-tripoli-mate-blanco\/","title":{"rendered":"Pamesa Tripoli Mate Blanco"},"content":{"rendered":"<p>Pamesa Tripoli Mate Blanco je proizvod iz \u0160panije te je izuzetno kvalitetna. Umesto 5885,7 RSD \u0161to je redovna maloprodajna cena keramike, u na\u0161oj online prodavnici, je mo\u017eete dobiti za samo 4708,1 RSD. Ta kolekcija, model plo\u010dice, se prodaje najvi\u0161e bele boje. 9 mm debljine je dovoljno za zahtevnije kupce. Plo\u010dica 25&#215;75 cm je dobra za ve\u0107 razli\u010ditih namena.<\/p>\n<p>Kliknite na ime serije za sve plo\u010dice u toj seriji: <a class=\"pdfcatal\" href=\"\/\/www.ceramictiles.com\/pdf\/pamesa\/catalogue_pamesa_tripoli_mate.pdf\" onclick=\"recordOutboundLink(this, 'E-mail', 'Description PDF');return false;\">Pamesa Ceramica Tripoli Mate<\/a><\/p>\n<p>Da bi naru\u010dili model iz PDF kataloga ove serije, molimo vas, da nas kontaktirate na: <a href=\"mailto:zo_mi@ceramictiles.com\" onclick=\"recordOutboundLink(this, 'E-mail', 'Description mail');return false;\">zo_mi@ceramictiles.com<\/a> ili nas pozovite na: For exact offer, PLS send us quantity and product you need with delivery address..<\/p>\n","protected":false},"excerpt":{"rendered":"<p>Pamesa Tripoli Mate Blanco je proizvod iz \u0160panije te je izuzetno kvalitetna. Umesto 5885,7 RSD \u0161to je redovna maloprodajna cena keramike, u na\u0161oj online prodavnici, je mo\u017eete dobiti za samo 4708,1 RSD. Ta kolekcija, model plo\u010dice, se prodaje najvi\u0161e bele boje. 9 mm debljine je dovoljno za zahtevnije kupce. Plo\u010dica 25&#215;75 cm je dobra za [&hellip;]<\/p>\n","protected":false},"featured_media":96392,"template":"","meta":[],"product_cat":[200,999107,999],"product_tag":[],"_links":{"self":[{"href":"https:\/\/www.keramika.com\/srbija\/wp-json\/wp\/v2\/product\/96391"}],"collection":[{"href":"https:\/\/www.keramika.com\/srbija\/wp-json\/wp\/v2\/product"}],"about":[{"href":"https:\/\/www.keramika.com\/srbija\/wp-json\/wp\/v2\/types\/product"}],"wp:featuredmedia":[{"embeddable":true,"href":"https:\/\/www.keramika.com\/srbija\/wp-json\/wp\/v2\/media\/96392"}],"wp:attachment":[{"href":"https:\/\/www.keramika.com\/srbija\/wp-json\/wp\/v2\/media?parent=96391"}],"wp:term":[{"taxonomy":"product_cat","embeddable":true,"href":"https:\/\/www.keramika.com\/srbija\/wp-json\/wp\/v2\/product_cat?post=96391"},{"taxonomy":"product_tag","embeddable":true,"href":"https:\/\/www.keramika.com\/srbija\/wp-json\/wp\/v2\/product_tag?post=96391"}],"curies":[{"name":"wp","href":"https:\/\/api.w.org\/{rel}","templated":true}]}}