{"id":96245,"date":"2017-07-02T12:37:40","date_gmt":"2017-07-02T12:37:40","guid":{"rendered":"http:\/\/www.ceramictiles.com\/srbija\/product\/pamesa-helios-2\/"},"modified":"2026-01-04T00:02:29","modified_gmt":"2026-01-04T00:02:29","slug":"pamesa-helios-2","status":"publish","type":"product","link":"https:\/\/www.keramika.com\/srbija\/pamesa-helios-2\/","title":{"rendered":"Pamesa Helios"},"content":{"rendered":"<p>Ta kolekcija, model plo\u010dice, se prodaje najvi\u0161e sive boje. Plo\u010dica 79,1&#215;79,1 cm je dobra za ve\u0107 razli\u010ditih namena. 9 mm debljina \u0107e zadovoljiti i najzahtevnije kupce. Redovna cena, ovih plo\u010dica u maloprodaji je 8803,25 RSD. U na\u0161oj online trgovini, je mo\u017eete kupiti za 7042,6 RSD. Pamesa Helios je proizvod iz \u0160panije te je izuzetno kvalitetna.<\/p>\n<p>Kliknite na ime serije za sve plo\u010dice u toj seriji: <a class=\"pdfcatal\" href=\"\/\/www.ceramictiles.com\/pdf\/pamesa\/catalogue_pamesa_helios.pdf\" onclick=\"recordOutboundLink(this, 'E-mail', 'Description PDF');return false;\">Pamesa Ceramica Helios<\/a><\/p>\n<p>Da bi naru\u010dili model iz PDF kataloga ove serije, molimo vas, da nas kontaktirate na: <a href=\"mailto:zo_mi@ceramictiles.com\" onclick=\"recordOutboundLink(this, 'E-mail', 'Description mail');return false;\">zo_mi@ceramictiles.com<\/a> ili nas pozovite na: For exact offer, PLS send us quantity and product you need with delivery address..<\/p>\n<p>Technical description: 75&#215;75<\/p>\n","protected":false},"excerpt":{"rendered":"<p>Ta kolekcija, model plo\u010dice, se prodaje najvi\u0161e sive boje. Plo\u010dica 79,1&#215;79,1 cm je dobra za ve\u0107 razli\u010ditih namena. 9 mm debljina \u0107e zadovoljiti i najzahtevnije kupce. Redovna cena, ovih plo\u010dica u maloprodaji je 8803,25 RSD. U na\u0161oj online trgovini, je mo\u017eete kupiti za 7042,6 RSD. Pamesa Helios je proizvod iz \u0160panije te je izuzetno kvalitetna. [&hellip;]<\/p>\n","protected":false},"featured_media":96246,"template":"","meta":[],"product_cat":[200,999107,999],"product_tag":[],"_links":{"self":[{"href":"https:\/\/www.keramika.com\/srbija\/wp-json\/wp\/v2\/product\/96245"}],"collection":[{"href":"https:\/\/www.keramika.com\/srbija\/wp-json\/wp\/v2\/product"}],"about":[{"href":"https:\/\/www.keramika.com\/srbija\/wp-json\/wp\/v2\/types\/product"}],"wp:featuredmedia":[{"embeddable":true,"href":"https:\/\/www.keramika.com\/srbija\/wp-json\/wp\/v2\/media\/96246"}],"wp:attachment":[{"href":"https:\/\/www.keramika.com\/srbija\/wp-json\/wp\/v2\/media?parent=96245"}],"wp:term":[{"taxonomy":"product_cat","embeddable":true,"href":"https:\/\/www.keramika.com\/srbija\/wp-json\/wp\/v2\/product_cat?post=96245"},{"taxonomy":"product_tag","embeddable":true,"href":"https:\/\/www.keramika.com\/srbija\/wp-json\/wp\/v2\/product_tag?post=96245"}],"curies":[{"name":"wp","href":"https:\/\/api.w.org\/{rel}","templated":true}]}}