{"id":96193,"date":"2017-07-02T12:29:04","date_gmt":"2017-07-02T12:29:04","guid":{"rendered":"http:\/\/www.ceramictiles.com\/srbija\/product\/monopole-rustico-brown\/"},"modified":"2026-01-04T00:02:20","modified_gmt":"2026-01-04T00:02:20","slug":"monopole-rustico-brown","status":"publish","type":"product","link":"https:\/\/www.keramika.com\/srbija\/monopole-rustico-brown\/","title":{"rendered":"Monopole Rustico Brown"},"content":{"rendered":"<p>Monopole Pav Rustico Brown je dostupna po vrlo povoljnim cenama 2306,9 RSD. U izboru plo\u010dica braon boje, ne mo\u017eete pogre\u0161iti. Plo\u010dica 45&#215;45 cm je dobra za ve\u0107 razli\u010ditih namena. 8 mm debljina \u0107e zadovoljiti i najzahtevnije kupce. Monopole Pav Rustico Brown dolazi iz \u0160panije, koja je poznata po vrlo visokoj kvaliteta keramike u svetu.<\/p>\n<p>Kliknite na ime serije za sve plo\u010dice u toj seriji: <a class=\"pdfcatal\" href=\"\/\/www.ceramictiles.com\/pdf\/monopole\/catalogue_monopole_rustico.pdf\" onclick=\"recordOutboundLink(this, 'E-mail', 'Description PDF');return false;\">Monopole Rustico<\/a><\/p>\n<p>Da bi naru\u010dili model iz PDF kataloga ove serije, molimo vas, da nas kontaktirate na: <a href=\"mailto:zo_mi@ceramictiles.com\" onclick=\"recordOutboundLink(this, 'E-mail', 'Description mail');return false;\">zo_mi@ceramictiles.com<\/a> ili nas pozovite na: For exact offer, PLS send us quantity and product you need with delivery address..<\/p>\n<p>Technical description: 41,2&#215;45<\/p>\n","protected":false},"excerpt":{"rendered":"<p>Monopole Pav Rustico Brown je dostupna po vrlo povoljnim cenama 2306,9 RSD. U izboru plo\u010dica braon boje, ne mo\u017eete pogre\u0161iti. Plo\u010dica 45&#215;45 cm je dobra za ve\u0107 razli\u010ditih namena. 8 mm debljina \u0107e zadovoljiti i najzahtevnije kupce. Monopole Pav Rustico Brown dolazi iz \u0160panije, koja je poznata po vrlo visokoj kvaliteta keramike u svetu. Kliknite [&hellip;]<\/p>\n","protected":false},"featured_media":96194,"template":"","meta":[],"product_cat":[200,220,99921434,999],"product_tag":[],"_links":{"self":[{"href":"https:\/\/www.keramika.com\/srbija\/wp-json\/wp\/v2\/product\/96193"}],"collection":[{"href":"https:\/\/www.keramika.com\/srbija\/wp-json\/wp\/v2\/product"}],"about":[{"href":"https:\/\/www.keramika.com\/srbija\/wp-json\/wp\/v2\/types\/product"}],"wp:featuredmedia":[{"embeddable":true,"href":"https:\/\/www.keramika.com\/srbija\/wp-json\/wp\/v2\/media\/96194"}],"wp:attachment":[{"href":"https:\/\/www.keramika.com\/srbija\/wp-json\/wp\/v2\/media?parent=96193"}],"wp:term":[{"taxonomy":"product_cat","embeddable":true,"href":"https:\/\/www.keramika.com\/srbija\/wp-json\/wp\/v2\/product_cat?post=96193"},{"taxonomy":"product_tag","embeddable":true,"href":"https:\/\/www.keramika.com\/srbija\/wp-json\/wp\/v2\/product_tag?post=96193"}],"curies":[{"name":"wp","href":"https:\/\/api.w.org\/{rel}","templated":true}]}}