{"id":95573,"date":"2017-07-02T10:43:25","date_gmt":"2017-07-02T10:43:25","guid":{"rendered":"http:\/\/www.ceramictiles.com\/srbija\/product\/dekorativne-plocice-vives-stanley\/"},"modified":"2026-01-04T00:01:04","modified_gmt":"2026-01-04T00:01:04","slug":"dekorativne-plocice-vives-stanley","status":"publish","type":"product","link":"https:\/\/www.keramika.com\/srbija\/dekorativne-plocice-vives-stanley\/","title":{"rendered":"Dekorativne plo\u010dice Vives Stanley"},"content":{"rendered":"<p>Redovna cena, ovih plo\u010dica u maloprodaji je 3933 RSD. U na\u0161oj online trgovini, je mo\u017eete kupiti za 3146,4 RSD. Vives Stanley je proizvod iz \u0160panije te je izuzetno kvalitetna. Veli\u010dina 31,6&#215;31,6 cm je odli\u010dna za sve podloge. U izboru plo\u010dica plave boje, ne mo\u017eete pogre\u0161iti. 9 mm debljine je dovoljno za zahtevnije kupce.<\/p>\n<p>Kliknite na ime serije za sve plo\u010dice u toj seriji: <a class=\"pdfcatal\" href=\"\/\/www.ceramictiles.com\/pdf\/vives\/catalogue_vives_world_parks.pdf\" onclick=\"recordOutboundLink(this, 'E-mail', 'Description PDF');return false;\">Ceramica Vives World Parks<\/a><\/p>\n<p>Da bi naru\u010dili model iz PDF kataloga ove serije, molimo vas, da nas kontaktirate na: <a href=\"mailto:zo_mi@ceramictiles.com\" onclick=\"recordOutboundLink(this, 'E-mail', 'Description mail');return false;\">zo_mi@ceramictiles.com<\/a> ili nas pozovite na: For exact offer, PLS send us quantity and product you need with delivery address..<\/p>\n","protected":false},"excerpt":{"rendered":"<p>Redovna cena, ovih plo\u010dica u maloprodaji je 3933 RSD. U na\u0161oj online trgovini, je mo\u017eete kupiti za 3146,4 RSD. Vives Stanley je proizvod iz \u0160panije te je izuzetno kvalitetna. Veli\u010dina 31,6&#215;31,6 cm je odli\u010dna za sve podloge. U izboru plo\u010dica plave boje, ne mo\u017eete pogre\u0161iti. 9 mm debljine je dovoljno za zahtevnije kupce. Kliknite na [&hellip;]<\/p>\n","protected":false},"featured_media":95574,"template":"","meta":[],"product_cat":[210,200,999,999136],"product_tag":[],"_links":{"self":[{"href":"https:\/\/www.keramika.com\/srbija\/wp-json\/wp\/v2\/product\/95573"}],"collection":[{"href":"https:\/\/www.keramika.com\/srbija\/wp-json\/wp\/v2\/product"}],"about":[{"href":"https:\/\/www.keramika.com\/srbija\/wp-json\/wp\/v2\/types\/product"}],"wp:featuredmedia":[{"embeddable":true,"href":"https:\/\/www.keramika.com\/srbija\/wp-json\/wp\/v2\/media\/95574"}],"wp:attachment":[{"href":"https:\/\/www.keramika.com\/srbija\/wp-json\/wp\/v2\/media?parent=95573"}],"wp:term":[{"taxonomy":"product_cat","embeddable":true,"href":"https:\/\/www.keramika.com\/srbija\/wp-json\/wp\/v2\/product_cat?post=95573"},{"taxonomy":"product_tag","embeddable":true,"href":"https:\/\/www.keramika.com\/srbija\/wp-json\/wp\/v2\/product_tag?post=95573"}],"curies":[{"name":"wp","href":"https:\/\/api.w.org\/{rel}","templated":true}]}}