{"id":95399,"date":"2017-07-02T10:05:51","date_gmt":"2017-07-02T10:05:51","guid":{"rendered":"http:\/\/www.ceramictiles.com\/srbija\/product\/keramika-imitacija-drveta-halcon-biarritz-beige\/"},"modified":"2026-01-04T00:00:46","modified_gmt":"2026-01-04T00:00:46","slug":"keramika-imitacija-drveta-halcon-biarritz-beige","status":"publish","type":"product","link":"https:\/\/www.keramika.com\/srbija\/keramika-imitacija-drveta-halcon-biarritz-beige\/","title":{"rendered":"Keramika imitacija drveta Halcon Biarritz Beige"},"content":{"rendered":"<p>U maloprodaji bi morali za tu plo\u010dicu platiti 3574,2 RSD, online cena je samo 2858,9 RSD. Veli\u010dina 20&#215;120 cm je odli\u010dna za sve podloge. U izboru plo\u010dica braon boje, ne mo\u017eete pogre\u0161iti. Plo\u010dica je debela 9 mm, \u0161to je ubraja u tvrde plo\u010dice. Halcon Biarritz Beige dolazi iz \u0160panije, koja je poznata po vrlo visokoj kvaliteta keramike u svetu.<\/p>\n<p>Kliknite na ime serije za sve plo\u010dice u toj seriji: <a class=\"pdfcatal\" href=\"\/\/www.ceramictiles.com\/pdf\/halcon\/catalogue_halcon_biarritz.pdf\" onclick=\"recordOutboundLink(this, 'E-mail', 'Description PDF');return false;\">Halcon Ceramicas Biarritz<\/a><\/p>\n<p>Da bi naru\u010dili model iz PDF kataloga ove serije, molimo vas, da nas kontaktirate na: <a href=\"mailto:zo_mi@ceramictiles.com\" onclick=\"recordOutboundLink(this, 'E-mail', 'Description mail');return false;\">zo_mi@ceramictiles.com<\/a> ili nas pozovite na: For exact offer, PLS send us quantity and product you need with delivery address..<\/p>\n<p>Technical description: 23,3&#215;120<\/p>\n","protected":false},"excerpt":{"rendered":"<p>U maloprodaji bi morali za tu plo\u010dicu platiti 3574,2 RSD, online cena je samo 2858,9 RSD. Veli\u010dina 20&#215;120 cm je odli\u010dna za sve podloge. U izboru plo\u010dica braon boje, ne mo\u017eete pogre\u0161iti. Plo\u010dica je debela 9 mm, \u0161to je ubraja u tvrde plo\u010dice. Halcon Biarritz Beige dolazi iz \u0160panije, koja je poznata po vrlo visokoj [&hellip;]<\/p>\n","protected":false},"featured_media":95400,"template":"","meta":[],"product_cat":[99946,200,999],"product_tag":[99950095],"_links":{"self":[{"href":"https:\/\/www.keramika.com\/srbija\/wp-json\/wp\/v2\/product\/95399"}],"collection":[{"href":"https:\/\/www.keramika.com\/srbija\/wp-json\/wp\/v2\/product"}],"about":[{"href":"https:\/\/www.keramika.com\/srbija\/wp-json\/wp\/v2\/types\/product"}],"wp:featuredmedia":[{"embeddable":true,"href":"https:\/\/www.keramika.com\/srbija\/wp-json\/wp\/v2\/media\/95400"}],"wp:attachment":[{"href":"https:\/\/www.keramika.com\/srbija\/wp-json\/wp\/v2\/media?parent=95399"}],"wp:term":[{"taxonomy":"product_cat","embeddable":true,"href":"https:\/\/www.keramika.com\/srbija\/wp-json\/wp\/v2\/product_cat?post=95399"},{"taxonomy":"product_tag","embeddable":true,"href":"https:\/\/www.keramika.com\/srbija\/wp-json\/wp\/v2\/product_tag?post=95399"}],"curies":[{"name":"wp","href":"https:\/\/api.w.org\/{rel}","templated":true}]}}