{"id":95375,"date":"2017-07-02T10:01:15","date_gmt":"2017-07-02T10:01:15","guid":{"rendered":"http:\/\/www.ceramictiles.com\/srbija\/product\/bodenfliesen-arcana-buxi-crema\/"},"modified":"2026-01-04T00:00:44","modified_gmt":"2026-01-04T00:00:44","slug":"bodenfliesen-arcana-buxi-crema","status":"publish","type":"product","link":"https:\/\/www.keramika.com\/srbija\/bodenfliesen-arcana-buxi-crema\/","title":{"rendered":"Bodenfliesen Arcana Buxi Crema"},"content":{"rendered":"<p>Arcana Buxi Crema dolazi iz \u0160panije, koja je poznata po vrlo visokoj kvaliteta keramike u svetu. Ova plo\u010dica je debela 10 mm i zato je izuzetno izdr\u017eljiva. U maloprodaji bi morali za tu plo\u010dicu platiti 4324 RSD, online cena je samo 3459,2 RSD. Keramika je prekrasne be\u017e boje. U koliko \u017eelite neku drugu boju, pozovite nas i mi \u0107emo proveriti kod proizvo\u0111a\u010da. \u0160irina i du\u017eina plo\u010dice su 60&#215;60 cm.<\/p>\n<p>Kliknite na ime serije za sve plo\u010dice u toj seriji: <a class=\"pdfcatal\" href=\"\/\/www.ceramictiles.com\/pdf\/arcana\/catalogue_arcana_buxi.pdf\" onclick=\"recordOutboundLink(this, 'E-mail', 'Description PDF');return false;\">Arcana tiles Buxi<\/a><\/p>\n<p>Da bi naru\u010dili model iz PDF kataloga ove serije, molimo vas, da nas kontaktirate na: <a href=\"mailto:zo_mi@ceramictiles.com\" onclick=\"recordOutboundLink(this, 'E-mail', 'Description mail');return false;\">zo_mi@ceramictiles.com<\/a> ili nas pozovite na: For exact offer, PLS send us quantity and product you need with delivery address..<\/p>\n","protected":false},"excerpt":{"rendered":"<p>Arcana Buxi Crema dolazi iz \u0160panije, koja je poznata po vrlo visokoj kvaliteta keramike u svetu. Ova plo\u010dica je debela 10 mm i zato je izuzetno izdr\u017eljiva. U maloprodaji bi morali za tu plo\u010dicu platiti 4324 RSD, online cena je samo 3459,2 RSD. Keramika je prekrasne be\u017e boje. U koliko \u017eelite neku drugu boju, pozovite [&hellip;]<\/p>\n","protected":false},"featured_media":95376,"template":"","meta":[],"product_cat":[99921439,200,999],"product_tag":[],"_links":{"self":[{"href":"https:\/\/www.keramika.com\/srbija\/wp-json\/wp\/v2\/product\/95375"}],"collection":[{"href":"https:\/\/www.keramika.com\/srbija\/wp-json\/wp\/v2\/product"}],"about":[{"href":"https:\/\/www.keramika.com\/srbija\/wp-json\/wp\/v2\/types\/product"}],"wp:featuredmedia":[{"embeddable":true,"href":"https:\/\/www.keramika.com\/srbija\/wp-json\/wp\/v2\/media\/95376"}],"wp:attachment":[{"href":"https:\/\/www.keramika.com\/srbija\/wp-json\/wp\/v2\/media?parent=95375"}],"wp:term":[{"taxonomy":"product_cat","embeddable":true,"href":"https:\/\/www.keramika.com\/srbija\/wp-json\/wp\/v2\/product_cat?post=95375"},{"taxonomy":"product_tag","embeddable":true,"href":"https:\/\/www.keramika.com\/srbija\/wp-json\/wp\/v2\/product_tag?post=95375"}],"curies":[{"name":"wp","href":"https:\/\/api.w.org\/{rel}","templated":true}]}}