{"id":95369,"date":"2017-07-02T10:00:14","date_gmt":"2017-07-02T10:00:14","guid":{"rendered":"http:\/\/www.ceramictiles.com\/srbija\/product\/keramika-imitacija-drveta-tau-woodstock-dark\/"},"modified":"2026-01-04T00:00:43","modified_gmt":"2026-01-04T00:00:43","slug":"keramika-imitacija-drveta-tau-woodstock-dark","status":"publish","type":"product","link":"https:\/\/www.keramika.com\/srbija\/keramika-imitacija-drveta-tau-woodstock-dark\/","title":{"rendered":"Keramika imitacija drveta TAU Woodstock Dark"},"content":{"rendered":"<p>Dimenzije ovih plo\u010dica su 22,5&#215;90 cm. Debljina plo\u010dice, je vrlo va\u017ena 11 mm i ubraja tu plo\u010dicu me\u0111u najkvalitetnije. TAU Woodstock Dark je dostupna po vrlo povoljnim cenama 4834,6 RSD. Plo\u010dice braon boje, su letos izuzetno tre\u017eene. plo\u010dica proizvo\u0111a\u010da Tau Ceramica iz \u0160panije.<\/p>\n<p>Kliknite na ime serije za sve plo\u010dice u toj seriji: <a class=\"pdfcatal\" href=\"\/\/www.ceramictiles.com\/pdf\/tau\/catalogue_tau_woodstock.pdf\" onclick=\"recordOutboundLink(this, 'E-mail', 'Description PDF');return false;\">Tau Ceramica Woodstock<\/a><\/p>\n<p>Da bi naru\u010dili model iz PDF kataloga ove serije, molimo vas, da nas kontaktirate na: <a href=\"mailto:zo_mi@ceramictiles.com\" onclick=\"recordOutboundLink(this, 'E-mail', 'Description mail');return false;\">zo_mi@ceramictiles.com<\/a> ili nas pozovite na: For exact offer, PLS send us quantity and product you need with delivery address..<\/p>\n","protected":false},"excerpt":{"rendered":"<p>Dimenzije ovih plo\u010dica su 22,5&#215;90 cm. Debljina plo\u010dice, je vrlo va\u017ena 11 mm i ubraja tu plo\u010dicu me\u0111u najkvalitetnije. TAU Woodstock Dark je dostupna po vrlo povoljnim cenama 4834,6 RSD. Plo\u010dice braon boje, su letos izuzetno tre\u017eene. plo\u010dica proizvo\u0111a\u010da Tau Ceramica iz \u0160panije. Kliknite na ime serije za sve plo\u010dice u toj seriji: Tau Ceramica [&hellip;]<\/p>\n","protected":false},"featured_media":95370,"template":"","meta":[],"product_cat":[999,999125],"product_tag":[99950095],"_links":{"self":[{"href":"https:\/\/www.keramika.com\/srbija\/wp-json\/wp\/v2\/product\/95369"}],"collection":[{"href":"https:\/\/www.keramika.com\/srbija\/wp-json\/wp\/v2\/product"}],"about":[{"href":"https:\/\/www.keramika.com\/srbija\/wp-json\/wp\/v2\/types\/product"}],"wp:featuredmedia":[{"embeddable":true,"href":"https:\/\/www.keramika.com\/srbija\/wp-json\/wp\/v2\/media\/95370"}],"wp:attachment":[{"href":"https:\/\/www.keramika.com\/srbija\/wp-json\/wp\/v2\/media?parent=95369"}],"wp:term":[{"taxonomy":"product_cat","embeddable":true,"href":"https:\/\/www.keramika.com\/srbija\/wp-json\/wp\/v2\/product_cat?post=95369"},{"taxonomy":"product_tag","embeddable":true,"href":"https:\/\/www.keramika.com\/srbija\/wp-json\/wp\/v2\/product_tag?post=95369"}],"curies":[{"name":"wp","href":"https:\/\/api.w.org\/{rel}","templated":true}]}}