{"id":95307,"date":"2017-07-02T09:49:44","date_gmt":"2017-07-02T09:49:44","guid":{"rendered":"http:\/\/www.ceramictiles.com\/srbija\/product\/podne-plocice-tau-cement-grey\/"},"modified":"2026-01-04T00:00:39","modified_gmt":"2026-01-04T00:00:39","slug":"podne-plocice-tau-cement-grey","status":"publish","type":"product","link":"https:\/\/www.keramika.com\/srbija\/podne-plocice-tau-cement-grey\/","title":{"rendered":"Podne plo\u010dice TAU Cement Grey"},"content":{"rendered":"<p>Redovna cena, ovih plo\u010dica u maloprodaji je 3141,8 RSD. U na\u0161oj online trgovini, je mo\u017eete kupiti za 2513,9 RSD. plo\u010dica proizvo\u0111a\u010da Tau Ceramica iz \u0160panije. Plo\u010dice be\u017e boje, su letos izuzetno tre\u017eene. Plo\u010dica na sliki je 30&#215;60 cm. Plo\u010dica je debela 10 mm, \u0161to je ubraja u tvrde plo\u010dice.<\/p>\n<p>Kliknite na ime serije za sve plo\u010dice u toj seriji: <a class=\"pdfcatal\" href=\"\/\/www.ceramictiles.com\/pdf\/tau\/catalogue_tau_cement.pdf\" onclick=\"recordOutboundLink(this, 'E-mail', 'Description PDF');return false;\">Tau Ceramica Cement<\/a><\/p>\n<p>Da bi naru\u010dili model iz PDF kataloga ove serije, molimo vas, da nas kontaktirate na: <a href=\"mailto:zo_mi@ceramictiles.com\" onclick=\"recordOutboundLink(this, 'E-mail', 'Description mail');return false;\">zo_mi@ceramictiles.com<\/a> ili nas pozovite na: For exact offer, PLS send us quantity and product you need with delivery address..<\/p>\n","protected":false},"excerpt":{"rendered":"<p>Redovna cena, ovih plo\u010dica u maloprodaji je 3141,8 RSD. U na\u0161oj online trgovini, je mo\u017eete kupiti za 2513,9 RSD. plo\u010dica proizvo\u0111a\u010da Tau Ceramica iz \u0160panije. Plo\u010dice be\u017e boje, su letos izuzetno tre\u017eene. Plo\u010dica na sliki je 30&#215;60 cm. Plo\u010dica je debela 10 mm, \u0161to je ubraja u tvrde plo\u010dice. Kliknite na ime serije za sve [&hellip;]<\/p>\n","protected":false},"featured_media":95308,"template":"","meta":[],"product_cat":[999,999125],"product_tag":[],"_links":{"self":[{"href":"https:\/\/www.keramika.com\/srbija\/wp-json\/wp\/v2\/product\/95307"}],"collection":[{"href":"https:\/\/www.keramika.com\/srbija\/wp-json\/wp\/v2\/product"}],"about":[{"href":"https:\/\/www.keramika.com\/srbija\/wp-json\/wp\/v2\/types\/product"}],"wp:featuredmedia":[{"embeddable":true,"href":"https:\/\/www.keramika.com\/srbija\/wp-json\/wp\/v2\/media\/95308"}],"wp:attachment":[{"href":"https:\/\/www.keramika.com\/srbija\/wp-json\/wp\/v2\/media?parent=95307"}],"wp:term":[{"taxonomy":"product_cat","embeddable":true,"href":"https:\/\/www.keramika.com\/srbija\/wp-json\/wp\/v2\/product_cat?post=95307"},{"taxonomy":"product_tag","embeddable":true,"href":"https:\/\/www.keramika.com\/srbija\/wp-json\/wp\/v2\/product_tag?post=95307"}],"curies":[{"name":"wp","href":"https:\/\/api.w.org\/{rel}","templated":true}]}}