{"id":95169,"date":"2017-07-02T09:28:04","date_gmt":"2017-07-02T09:28:04","guid":{"rendered":"http:\/\/www.ceramictiles.com\/srbija\/product\/zidna-dekorativna-keramika-aparici-portoro-negro-ornato\/"},"modified":"2017-07-02T09:28:04","modified_gmt":"2017-07-02T09:28:04","slug":"zidna-dekorativna-keramika-aparici-portoro-negro-ornato","status":"publish","type":"product","link":"https:\/\/www.keramika.com\/srbija\/zidna-dekorativna-keramika-aparici-portoro-negro-ornato\/","title":{"rendered":"Zidna dekorativna keramika Aparici Portoro Negro Ornato"},"content":{"rendered":"<p>Veli\u010dina 25,1&#215;75,6 cm je odli\u010dna za sve podloge. Debljina plo\u010dice, je vrlo va\u017ena 10 mm i ubraja tu plo\u010dicu me\u0111u najkvalitetnije. Plo\u010dice dolaze iz \u0160panije, koja je poznata po kvalitetnoj keramiki. Ta kolekcija, model plo\u010dice, se prodaje najvi\u0161e crne boje.<\/p>\n<p>Kliknite na ime serije za sve plo\u010dice u toj seriji: <a class=\"pdfcatal\" href=\"\/\/www.ceramictiles.com\/pdf\/aparici\/catalogue_aparici_portoro.pdf\" onclick=\"recordOutboundLink(this, 'E-mail', 'Description PDF');return false;\">Aparici Portoro<\/a><\/p>\n<p>Da bi naru\u010dili model iz PDF kataloga ove serije, molimo vas, da nas kontaktirate na: <a href=\"mailto:zo_mi@ceramictiles.com\" onclick=\"recordOutboundLink(this, 'E-mail', 'Description mail');return false;\">zo_mi@ceramictiles.com<\/a> ili nas pozovite na: For exact offer, PLS send us quantity and product you need with delivery address..<\/p>\n","protected":false},"excerpt":{"rendered":"<p>Veli\u010dina 25,1&#215;75,6 cm je odli\u010dna za sve podloge. Debljina plo\u010dice, je vrlo va\u017ena 10 mm i ubraja tu plo\u010dicu me\u0111u najkvalitetnije. Plo\u010dice dolaze iz \u0160panije, koja je poznata po kvalitetnoj keramiki. Ta kolekcija, model plo\u010dice, se prodaje najvi\u0161e crne boje. Kliknite na ime serije za sve plo\u010dice u toj seriji: Aparici Portoro Da bi naru\u010dili [&hellip;]<\/p>\n","protected":false},"featured_media":95170,"template":"","meta":[],"product_cat":[99,999773,999],"product_tag":[],"_links":{"self":[{"href":"https:\/\/www.keramika.com\/srbija\/wp-json\/wp\/v2\/product\/95169"}],"collection":[{"href":"https:\/\/www.keramika.com\/srbija\/wp-json\/wp\/v2\/product"}],"about":[{"href":"https:\/\/www.keramika.com\/srbija\/wp-json\/wp\/v2\/types\/product"}],"wp:featuredmedia":[{"embeddable":true,"href":"https:\/\/www.keramika.com\/srbija\/wp-json\/wp\/v2\/media\/95170"}],"wp:attachment":[{"href":"https:\/\/www.keramika.com\/srbija\/wp-json\/wp\/v2\/media?parent=95169"}],"wp:term":[{"taxonomy":"product_cat","embeddable":true,"href":"https:\/\/www.keramika.com\/srbija\/wp-json\/wp\/v2\/product_cat?post=95169"},{"taxonomy":"product_tag","embeddable":true,"href":"https:\/\/www.keramika.com\/srbija\/wp-json\/wp\/v2\/product_tag?post=95169"}],"curies":[{"name":"wp","href":"https:\/\/api.w.org\/{rel}","templated":true}]}}