{"id":95115,"date":"2017-07-02T09:19:28","date_gmt":"2017-07-02T09:19:28","guid":{"rendered":"http:\/\/www.ceramictiles.com\/srbija\/product\/plocice-za-kupatilo-aparici-cathay-arce\/"},"modified":"2017-07-02T09:19:28","modified_gmt":"2017-07-02T09:19:28","slug":"plocice-za-kupatilo-aparici-cathay-arce","status":"publish","type":"product","link":"https:\/\/www.keramika.com\/srbija\/plocice-za-kupatilo-aparici-cathay-arce\/","title":{"rendered":"Plo\u010dice za kupatilo Aparici Cathay Arce"},"content":{"rendered":"<p>Aparici Cathay Arce je proizvod iz \u0160panije te je izuzetno kvalitetna. Ova plo\u010dica je debela 10 mm i zato je izuzetno izdr\u017eljiva. Veli\u010dina plo\u010dice je 30&#215;120 cm i odli\u010dna je za razli\u010dite povr\u0161ine. Plo\u010dice be\u017e boje, su letos izuzetno tre\u017eene.<\/p>\n<p>Kliknite na ime serije za sve plo\u010dice u toj seriji: <a class=\"pdfcatal\" href=\"\/\/www.ceramictiles.com\/pdf\/aparici\/catalogue_aparici_cathay.pdf\" onclick=\"recordOutboundLink(this, 'E-mail', 'Description PDF');return false;\">Aparici Cathay<\/a><\/p>\n<p>Da bi naru\u010dili model iz PDF kataloga ove serije, molimo vas, da nas kontaktirate na: <a href=\"mailto:zo_mi@ceramictiles.com\" onclick=\"recordOutboundLink(this, 'E-mail', 'Description mail');return false;\">zo_mi@ceramictiles.com<\/a> ili nas pozovite na: For exact offer, PLS send us quantity and product you need with delivery address..<\/p>\n<p>Technical description: 24,9&#215;100<\/p>\n","protected":false},"excerpt":{"rendered":"<p>Aparici Cathay Arce je proizvod iz \u0160panije te je izuzetno kvalitetna. Ova plo\u010dica je debela 10 mm i zato je izuzetno izdr\u017eljiva. Veli\u010dina plo\u010dice je 30&#215;120 cm i odli\u010dna je za razli\u010dite povr\u0161ine. Plo\u010dice be\u017e boje, su letos izuzetno tre\u017eene. Kliknite na ime serije za sve plo\u010dice u toj seriji: Aparici Cathay Da bi naru\u010dili [&hellip;]<\/p>\n","protected":false},"featured_media":95116,"template":"","meta":[],"product_cat":[99,999773,999],"product_tag":[],"_links":{"self":[{"href":"https:\/\/www.keramika.com\/srbija\/wp-json\/wp\/v2\/product\/95115"}],"collection":[{"href":"https:\/\/www.keramika.com\/srbija\/wp-json\/wp\/v2\/product"}],"about":[{"href":"https:\/\/www.keramika.com\/srbija\/wp-json\/wp\/v2\/types\/product"}],"wp:featuredmedia":[{"embeddable":true,"href":"https:\/\/www.keramika.com\/srbija\/wp-json\/wp\/v2\/media\/95116"}],"wp:attachment":[{"href":"https:\/\/www.keramika.com\/srbija\/wp-json\/wp\/v2\/media?parent=95115"}],"wp:term":[{"taxonomy":"product_cat","embeddable":true,"href":"https:\/\/www.keramika.com\/srbija\/wp-json\/wp\/v2\/product_cat?post=95115"},{"taxonomy":"product_tag","embeddable":true,"href":"https:\/\/www.keramika.com\/srbija\/wp-json\/wp\/v2\/product_tag?post=95115"}],"curies":[{"name":"wp","href":"https:\/\/api.w.org\/{rel}","templated":true}]}}