{"id":94785,"date":"2017-07-02T08:25:57","date_gmt":"2017-07-02T08:25:57","guid":{"rendered":"http:\/\/www.ceramictiles.com\/srbija\/product\/ceramicas-aparici-allegro-bianco\/"},"modified":"2017-07-02T08:25:57","modified_gmt":"2017-07-02T08:25:57","slug":"ceramicas-aparici-allegro-bianco","status":"publish","type":"product","link":"https:\/\/www.keramika.com\/srbija\/ceramicas-aparici-allegro-bianco\/","title":{"rendered":"Ceramicas Aparici Allegro Bianco"},"content":{"rendered":"<p>Ova plo\u010dica je debela 9 mm i zato je izuzetno izdr\u017eljiva. Ceramicas Aparici Allegro Bianco je proizvod iz \u0160panije te je izuzetno kvalitetna. Dimenzije ovih plo\u010dica su 29,75&#215;29,75 cm. Plo\u010dice bele boje osvje\u017eit \u0107e svaki prostor.<\/p>\n<p>Kliknite na ime serije za sve plo\u010dice u toj seriji: <a class=\"pdfcatal\" href=\"\/\/www.ceramictiles.com\/pdf\/aparici\/catalogue_aparici_catalogue_aparici_allegro.pdf\" onclick=\"recordOutboundLink(this, 'E-mail', 'Description PDF');return false;\">Aparici Allegro<\/a><\/p>\n<p>Da bi naru\u010dili model iz PDF kataloga ove serije, molimo vas, da nas kontaktirate na: <a href=\"mailto:zo_mi@ceramictiles.com\" onclick=\"recordOutboundLink(this, 'E-mail', 'Description mail');return false;\">zo_mi@ceramictiles.com<\/a> ili nas pozovite na: For exact offer, PLS send us quantity and product you need with delivery address..<\/p>\n<p>Technical description: <br \/> W 29,75X89,46 ; F 29,75 x 29,75 <br \/>Allegro Bianco ; Allegro Bianco Mosaico ; Alice Decor ; Context White ; Allegro Bianco Natural ;<\/p>\n","protected":false},"excerpt":{"rendered":"<p>Ova plo\u010dica je debela 9 mm i zato je izuzetno izdr\u017eljiva. Ceramicas Aparici Allegro Bianco je proizvod iz \u0160panije te je izuzetno kvalitetna. Dimenzije ovih plo\u010dica su 29,75&#215;29,75 cm. Plo\u010dice bele boje osvje\u017eit \u0107e svaki prostor. Kliknite na ime serije za sve plo\u010dice u toj seriji: Aparici Allegro Da bi naru\u010dili model iz PDF kataloga [&hellip;]<\/p>\n","protected":false},"featured_media":94786,"template":"","meta":[],"product_cat":[999773,200,999],"product_tag":[],"_links":{"self":[{"href":"https:\/\/www.keramika.com\/srbija\/wp-json\/wp\/v2\/product\/94785"}],"collection":[{"href":"https:\/\/www.keramika.com\/srbija\/wp-json\/wp\/v2\/product"}],"about":[{"href":"https:\/\/www.keramika.com\/srbija\/wp-json\/wp\/v2\/types\/product"}],"wp:featuredmedia":[{"embeddable":true,"href":"https:\/\/www.keramika.com\/srbija\/wp-json\/wp\/v2\/media\/94786"}],"wp:attachment":[{"href":"https:\/\/www.keramika.com\/srbija\/wp-json\/wp\/v2\/media?parent=94785"}],"wp:term":[{"taxonomy":"product_cat","embeddable":true,"href":"https:\/\/www.keramika.com\/srbija\/wp-json\/wp\/v2\/product_cat?post=94785"},{"taxonomy":"product_tag","embeddable":true,"href":"https:\/\/www.keramika.com\/srbija\/wp-json\/wp\/v2\/product_tag?post=94785"}],"curies":[{"name":"wp","href":"https:\/\/api.w.org\/{rel}","templated":true}]}}