{"id":94783,"date":"2017-07-02T08:25:38","date_gmt":"2017-07-02T08:25:38","guid":{"rendered":"http:\/\/www.ceramictiles.com\/srbija\/product\/ceramicas-aparici-acces-red\/"},"modified":"2017-07-02T08:25:38","modified_gmt":"2017-07-02T08:25:38","slug":"ceramicas-aparici-acces-red","status":"publish","type":"product","link":"https:\/\/www.keramika.com\/srbija\/ceramicas-aparici-acces-red\/","title":{"rendered":"Ceramicas Aparici Acces Red"},"content":{"rendered":"<p>Plo\u010dice crvene boje osvje\u017eit \u0107e svaki prostor. Ove plo\u010dice dolaze od proizvo\u0111a\u010da Aparici, iz \u0160panije. 9 mm debljina \u0107e zadovoljiti i najzahtevnije kupce. Plo\u010dica 25,1&#215;75,6 cm je dobra za ve\u0107 razli\u010ditih namena.<\/p>\n<p>Kliknite na ime serije za sve plo\u010dice u toj seriji: <a class=\"pdfcatal\" href=\"\/\/www.ceramictiles.com\/pdf\/aparici\/catalogue_aparici_catalogue_aparici_acces.pdf\" onclick=\"recordOutboundLink(this, 'E-mail', 'Description PDF');return false;\">Aparici Acces<\/a><\/p>\n<p>Da bi naru\u010dili model iz PDF kataloga ove serije, molimo vas, da nas kontaktirate na: <a href=\"mailto:zo_mi@ceramictiles.com\" onclick=\"recordOutboundLink(this, 'E-mail', 'Description mail');return false;\">zo_mi@ceramictiles.com<\/a> ili nas pozovite na: For exact offer, PLS send us quantity and product you need with delivery address..<\/p>\n<p>Technical description: <br \/> W 25,1&#215;75,6 ; F 29,5&#215;29,5 <br \/>Acces Red Sysmic ; Zero Blanco ; Acces White Sysmic ; Acces Black ; Acces Black Sysmic ; Acces Gold Sysmic ; Acces Silver Sysmic ; Zero Blue ; Acces Blue Sysmic ; Acces Lime ; Acces Lime Sysmic ; Zero Red ; Daisy Cua<\/p>\n","protected":false},"excerpt":{"rendered":"<p>Plo\u010dice crvene boje osvje\u017eit \u0107e svaki prostor. Ove plo\u010dice dolaze od proizvo\u0111a\u010da Aparici, iz \u0160panije. 9 mm debljina \u0107e zadovoljiti i najzahtevnije kupce. Plo\u010dica 25,1&#215;75,6 cm je dobra za ve\u0107 razli\u010ditih namena. Kliknite na ime serije za sve plo\u010dice u toj seriji: Aparici Acces Da bi naru\u010dili model iz PDF kataloga ove serije, molimo vas, [&hellip;]<\/p>\n","protected":false},"featured_media":94784,"template":"","meta":[],"product_cat":[999773,200,999],"product_tag":[],"_links":{"self":[{"href":"https:\/\/www.keramika.com\/srbija\/wp-json\/wp\/v2\/product\/94783"}],"collection":[{"href":"https:\/\/www.keramika.com\/srbija\/wp-json\/wp\/v2\/product"}],"about":[{"href":"https:\/\/www.keramika.com\/srbija\/wp-json\/wp\/v2\/types\/product"}],"wp:featuredmedia":[{"embeddable":true,"href":"https:\/\/www.keramika.com\/srbija\/wp-json\/wp\/v2\/media\/94784"}],"wp:attachment":[{"href":"https:\/\/www.keramika.com\/srbija\/wp-json\/wp\/v2\/media?parent=94783"}],"wp:term":[{"taxonomy":"product_cat","embeddable":true,"href":"https:\/\/www.keramika.com\/srbija\/wp-json\/wp\/v2\/product_cat?post=94783"},{"taxonomy":"product_tag","embeddable":true,"href":"https:\/\/www.keramika.com\/srbija\/wp-json\/wp\/v2\/product_tag?post=94783"}],"curies":[{"name":"wp","href":"https:\/\/api.w.org\/{rel}","templated":true}]}}