{"id":94681,"date":"2017-07-02T08:08:19","date_gmt":"2017-07-02T08:08:19","guid":{"rendered":"http:\/\/www.ceramictiles.com\/srbija\/product\/mosavit-mozaik-plocice-mara-silver\/"},"modified":"2026-01-04T00:00:06","modified_gmt":"2026-01-04T00:00:06","slug":"mosavit-mozaik-plocice-mara-silver","status":"publish","type":"product","link":"https:\/\/www.keramika.com\/srbija\/mosavit-mozaik-plocice-mara-silver\/","title":{"rendered":"Mosavit mozaik plo\u010dice Mara Silver"},"content":{"rendered":"<p>Naj vi\u0161e se prodaju bele mozik plo\u010dice. 16891,2 RSD je redovna prodajna cena keramike, tu pa samo 13512,5 RSD. Mozaik je debljine 4 mm, \u0161to ga \u010dini izuzetno tvrdim. Mosavit mosaic Mara Silver je proizvod iz \u0160panije te je izuzetno kvalitetna. \u0160irina i du\u017eina mre\u017ee na koju je pritvr\u0111en mozaik je 31,6&#215;31,6 cm. Mre\u017ea se jednostavno mo\u017eete polo\u017eiti na razli\u010dite povr\u0161ine.<\/p>\n<p>Technical description: Min. 1 box \u2013 Delivery 30 Euro\/box in EU<\/p>\n","protected":false},"excerpt":{"rendered":"<p>Naj vi\u0161e se prodaju bele mozik plo\u010dice. 16891,2 RSD je redovna prodajna cena keramike, tu pa samo 13512,5 RSD. Mozaik je debljine 4 mm, \u0161to ga \u010dini izuzetno tvrdim. Mosavit mosaic Mara Silver je proizvod iz \u0160panije te je izuzetno kvalitetna. \u0160irina i du\u017eina mre\u017ee na koju je pritvr\u0111en mozaik je 31,6&#215;31,6 cm. Mre\u017ea se [&hellip;]<\/p>\n","protected":false},"featured_media":94682,"template":"","meta":[],"product_cat":[999405,400,999,410],"product_tag":[99950093],"_links":{"self":[{"href":"https:\/\/www.keramika.com\/srbija\/wp-json\/wp\/v2\/product\/94681"}],"collection":[{"href":"https:\/\/www.keramika.com\/srbija\/wp-json\/wp\/v2\/product"}],"about":[{"href":"https:\/\/www.keramika.com\/srbija\/wp-json\/wp\/v2\/types\/product"}],"wp:featuredmedia":[{"embeddable":true,"href":"https:\/\/www.keramika.com\/srbija\/wp-json\/wp\/v2\/media\/94682"}],"wp:attachment":[{"href":"https:\/\/www.keramika.com\/srbija\/wp-json\/wp\/v2\/media?parent=94681"}],"wp:term":[{"taxonomy":"product_cat","embeddable":true,"href":"https:\/\/www.keramika.com\/srbija\/wp-json\/wp\/v2\/product_cat?post=94681"},{"taxonomy":"product_tag","embeddable":true,"href":"https:\/\/www.keramika.com\/srbija\/wp-json\/wp\/v2\/product_tag?post=94681"}],"curies":[{"name":"wp","href":"https:\/\/api.w.org\/{rel}","templated":true}]}}