{"id":94675,"date":"2017-07-02T08:07:18","date_gmt":"2017-07-02T08:07:18","guid":{"rendered":"http:\/\/www.ceramictiles.com\/srbija\/product\/mosavit-mozaik-plocice-lluvia-negro\/"},"modified":"2026-01-04T00:00:05","modified_gmt":"2026-01-04T00:00:05","slug":"mosavit-mozaik-plocice-lluvia-negro","status":"publish","type":"product","link":"https:\/\/www.keramika.com\/srbija\/mosavit-mozaik-plocice-lluvia-negro\/","title":{"rendered":"Mosavit mozaik plo\u010dice Lluvia Negro"},"content":{"rendered":"<p>3126,85 RSD je redovna prodajna cena keramike, tu pa samo 2501,25 RSD. Mosavit mosaic Lluvia Negro dolazi iz \u0160panije, koja je poznata po vrlo visokoj kvaliteta keramike u svetu. 4 mm debljine je dovoljno za zahtevnije kupce. Ove lepe, mozaik plo\u010dice crne boje, \u0107e obogatiti svaki prostor. Veli\u010dina mre\u017ee sa mozaikom je 30&#215;30 cm, \u0161to omogu\u0107ava jednostavnu ugradnju.<\/p>\n<p>Technical description: Min. 1 box \u2013 Delivery 30 Euro\/box in EU<\/p>\n","protected":false},"excerpt":{"rendered":"<p>3126,85 RSD je redovna prodajna cena keramike, tu pa samo 2501,25 RSD. Mosavit mosaic Lluvia Negro dolazi iz \u0160panije, koja je poznata po vrlo visokoj kvaliteta keramike u svetu. 4 mm debljine je dovoljno za zahtevnije kupce. Ove lepe, mozaik plo\u010dice crne boje, \u0107e obogatiti svaki prostor. Veli\u010dina mre\u017ee sa mozaikom je 30&#215;30 cm, \u0161to [&hellip;]<\/p>\n","protected":false},"featured_media":94676,"template":"","meta":[],"product_cat":[420,999405,400,999],"product_tag":[],"_links":{"self":[{"href":"https:\/\/www.keramika.com\/srbija\/wp-json\/wp\/v2\/product\/94675"}],"collection":[{"href":"https:\/\/www.keramika.com\/srbija\/wp-json\/wp\/v2\/product"}],"about":[{"href":"https:\/\/www.keramika.com\/srbija\/wp-json\/wp\/v2\/types\/product"}],"wp:featuredmedia":[{"embeddable":true,"href":"https:\/\/www.keramika.com\/srbija\/wp-json\/wp\/v2\/media\/94676"}],"wp:attachment":[{"href":"https:\/\/www.keramika.com\/srbija\/wp-json\/wp\/v2\/media?parent=94675"}],"wp:term":[{"taxonomy":"product_cat","embeddable":true,"href":"https:\/\/www.keramika.com\/srbija\/wp-json\/wp\/v2\/product_cat?post=94675"},{"taxonomy":"product_tag","embeddable":true,"href":"https:\/\/www.keramika.com\/srbija\/wp-json\/wp\/v2\/product_tag?post=94675"}],"curies":[{"name":"wp","href":"https:\/\/api.w.org\/{rel}","templated":true}]}}