{"id":94643,"date":"2017-08-03T08:01:38","date_gmt":"2017-08-03T08:01:38","guid":{"rendered":"http:\/\/www.ceramictiles.com\/srbija\/product\/mosavit-mozaik-plocice-exa-beige\/"},"modified":"2026-01-03T00:03:21","modified_gmt":"2026-01-03T00:03:21","slug":"hexagon-mozaik-plocice-beige","status":"publish","type":"product","link":"https:\/\/www.keramika.com\/srbija\/hexagon-mozaik-plocice-beige\/","title":{"rendered":"Hexagon mozaik plo\u010dice Beige"},"content":{"rendered":"<p>Namjesto 3916,9 RSD \u0161to je cena u maloprodaji, Vi pla\u0107ate samo 3133,75 RSD. Ove lepe, mozaik plo\u010dice be\u017e boje, \u0107e obogatiti svaki prostor. Mozaik je iz \u0160panije , koja je poznata u svetu kao jedan od najboljih proizvo\u0111a\u010da mozaik plo\u010dica. \u0160irina i du\u017eina mre\u017ee na koju je pritvr\u0111en mozaik je 30&#215;30 cm. Mre\u017ea se jednostavno mo\u017eete polo\u017eiti na razli\u010dite povr\u0161ine. Debljina od 4 mm ovog mozaika ga \u010dini vrlo izdr\u017eljivim i prijatnim na dodir.<br \/>\nTehni\u010dki opis:<br \/>\n11 komada\/kutija (30,2k30,5)<br \/>\n17,4 kg\/kutija<br \/>\nMin. 1 bok &#8211; Dostava 30 Euro\/kutija u EU<\/p>\n","protected":false},"excerpt":{"rendered":"<p>Prirodni kamen i staklene mozaik plo\u010dice.<\/p>\n","protected":false},"featured_media":94644,"template":"","meta":[],"product_cat":[420,999405,400,999,410],"product_tag":[99950088,99950089],"_links":{"self":[{"href":"https:\/\/www.keramika.com\/srbija\/wp-json\/wp\/v2\/product\/94643"}],"collection":[{"href":"https:\/\/www.keramika.com\/srbija\/wp-json\/wp\/v2\/product"}],"about":[{"href":"https:\/\/www.keramika.com\/srbija\/wp-json\/wp\/v2\/types\/product"}],"wp:featuredmedia":[{"embeddable":true,"href":"https:\/\/www.keramika.com\/srbija\/wp-json\/wp\/v2\/media\/94644"}],"wp:attachment":[{"href":"https:\/\/www.keramika.com\/srbija\/wp-json\/wp\/v2\/media?parent=94643"}],"wp:term":[{"taxonomy":"product_cat","embeddable":true,"href":"https:\/\/www.keramika.com\/srbija\/wp-json\/wp\/v2\/product_cat?post=94643"},{"taxonomy":"product_tag","embeddable":true,"href":"https:\/\/www.keramika.com\/srbija\/wp-json\/wp\/v2\/product_tag?post=94643"}],"curies":[{"name":"wp","href":"https:\/\/api.w.org\/{rel}","templated":true}]}}