{"id":94609,"date":"2017-07-02T07:55:56","date_gmt":"2017-07-02T07:55:56","guid":{"rendered":"http:\/\/www.ceramictiles.com\/srbija\/product\/mosavit-mozaik-plocice-cloudy-grey\/"},"modified":"2026-01-03T00:03:18","modified_gmt":"2026-01-03T00:03:18","slug":"mosavit-mozaik-plocice-cloudy-grey","status":"publish","type":"product","link":"https:\/\/www.keramika.com\/srbija\/mosavit-mozaik-plocice-cloudy-grey\/","title":{"rendered":"Mosavit mozaik plo\u010dice Cloudy Grey"},"content":{"rendered":"<p>plo\u010dica proizvo\u0111a\u010da Mosavit iz \u0160panije. Veoma moderan mozaik, dominantne sive boje, oboga\u0107uje savki prostor. Dimenzije mre\u017ee na koju je pritvr\u0111en mozaik je 31,6&#215;31,6 cm. Mre\u017ea omogu\u0107ava jednostavnu instalaciju. 4 mm debljine je dovoljno za zahtevnije kupce. U maloprodaji je cena 15633,1 RSD, online cena, pa je samo 12506,25 RSD.<\/p>\n<p>Technical description: Min. 1 box \u2013 Delivery 30 Euro\/box in EU<\/p>\n","protected":false},"excerpt":{"rendered":"<p>plo\u010dica proizvo\u0111a\u010da Mosavit iz \u0160panije. Veoma moderan mozaik, dominantne sive boje, oboga\u0107uje savki prostor. Dimenzije mre\u017ee na koju je pritvr\u0111en mozaik je 31,6&#215;31,6 cm. Mre\u017ea omogu\u0107ava jednostavnu instalaciju. 4 mm debljine je dovoljno za zahtevnije kupce. U maloprodaji je cena 15633,1 RSD, online cena, pa je samo 12506,25 RSD. Technical description: Min. 1 box \u2013 [&hellip;]<\/p>\n","protected":false},"featured_media":94610,"template":"","meta":[],"product_cat":[420,999405,400,999],"product_tag":[],"_links":{"self":[{"href":"https:\/\/www.keramika.com\/srbija\/wp-json\/wp\/v2\/product\/94609"}],"collection":[{"href":"https:\/\/www.keramika.com\/srbija\/wp-json\/wp\/v2\/product"}],"about":[{"href":"https:\/\/www.keramika.com\/srbija\/wp-json\/wp\/v2\/types\/product"}],"wp:featuredmedia":[{"embeddable":true,"href":"https:\/\/www.keramika.com\/srbija\/wp-json\/wp\/v2\/media\/94610"}],"wp:attachment":[{"href":"https:\/\/www.keramika.com\/srbija\/wp-json\/wp\/v2\/media?parent=94609"}],"wp:term":[{"taxonomy":"product_cat","embeddable":true,"href":"https:\/\/www.keramika.com\/srbija\/wp-json\/wp\/v2\/product_cat?post=94609"},{"taxonomy":"product_tag","embeddable":true,"href":"https:\/\/www.keramika.com\/srbija\/wp-json\/wp\/v2\/product_tag?post=94609"}],"curies":[{"name":"wp","href":"https:\/\/api.w.org\/{rel}","templated":true}]}}