{"id":94567,"date":"2017-07-02T07:48:49","date_gmt":"2017-07-02T07:48:49","guid":{"rendered":"http:\/\/www.ceramictiles.com\/srbija\/product\/alttoglass-wellnes-glass-mozaik\/"},"modified":"2026-01-03T00:03:13","modified_gmt":"2026-01-03T00:03:13","slug":"alttoglass-wellnes-glass-mozaik","status":"publish","type":"product","link":"https:\/\/www.keramika.com\/srbija\/alttoglass-wellnes-glass-mozaik\/","title":{"rendered":"Alttoglass Wellnes Glass mozaik"},"content":{"rendered":"<p>Mozaik plo\u010dice be\u017e boje, su izuzetno tra\u017eene. plo\u010dica proizvo\u0111a\u010da Alttoglass iz \u0160panije. Mozaik je debljine 4 mm, \u0161to ga \u010dini izuzetno tvrdim. Na na\u0161em sajtu, \u0107e te dobiti mozaik za samo 11212,5 RSD, dok je u maloprodaji 14016,2 RSD. Mozaik plo\u010dice su na mre\u017ei, \u0161to olak\u0161ava njegovu instalaciju. Veli\u010dina mre\u017ee je 33,3&#215;33,3 cm.<\/p>\n<p>Kliknite na ime serije za sve plo\u010dice u toj seriji: <a class=\"pdfcatal\" href=\"\/\/www.ceramictiles.com\/pdf\/altoglass\/catalogue_altoglass_wellnes.pdf\" onclick=\"recordOutboundLink(this, 'E-mail', 'Description PDF');return false;\">Alttoglass Wellnes<\/a><\/p>\n<p>Da bi naru\u010dili model iz PDF kataloga ove serije, molimo vas, da nas kontaktirate na: <a href=\"mailto:zo_mi@ceramictiles.com\" onclick=\"recordOutboundLink(this, 'E-mail', 'Description mail');return false;\">zo_mi@ceramictiles.com<\/a> ili nas pozovite na: For exact offer, PLS send us quantity and product you need with delivery address..<\/p>\n<p>Technical description: <br \/>Min. 1 box \u2013 Delivery 30 Euro\/box in EU<br \/>8.2 kg -1 m2\/box<\/p>\n","protected":false},"excerpt":{"rendered":"<p>Mozaik plo\u010dice be\u017e boje, su izuzetno tra\u017eene. plo\u010dica proizvo\u0111a\u010da Alttoglass iz \u0160panije. Mozaik je debljine 4 mm, \u0161to ga \u010dini izuzetno tvrdim. Na na\u0161em sajtu, \u0107e te dobiti mozaik za samo 11212,5 RSD, dok je u maloprodaji 14016,2 RSD. Mozaik plo\u010dice su na mre\u017ei, \u0161to olak\u0161ava njegovu instalaciju. Veli\u010dina mre\u017ee je 33,3&#215;33,3 cm. Kliknite na [&hellip;]<\/p>\n","protected":false},"featured_media":94568,"template":"","meta":[],"product_cat":[999759,400,999,410],"product_tag":[],"_links":{"self":[{"href":"https:\/\/www.keramika.com\/srbija\/wp-json\/wp\/v2\/product\/94567"}],"collection":[{"href":"https:\/\/www.keramika.com\/srbija\/wp-json\/wp\/v2\/product"}],"about":[{"href":"https:\/\/www.keramika.com\/srbija\/wp-json\/wp\/v2\/types\/product"}],"wp:featuredmedia":[{"embeddable":true,"href":"https:\/\/www.keramika.com\/srbija\/wp-json\/wp\/v2\/media\/94568"}],"wp:attachment":[{"href":"https:\/\/www.keramika.com\/srbija\/wp-json\/wp\/v2\/media?parent=94567"}],"wp:term":[{"taxonomy":"product_cat","embeddable":true,"href":"https:\/\/www.keramika.com\/srbija\/wp-json\/wp\/v2\/product_cat?post=94567"},{"taxonomy":"product_tag","embeddable":true,"href":"https:\/\/www.keramika.com\/srbija\/wp-json\/wp\/v2\/product_tag?post=94567"}],"curies":[{"name":"wp","href":"https:\/\/api.w.org\/{rel}","templated":true}]}}