{"id":94025,"date":"2017-07-02T06:13:47","date_gmt":"2017-07-02T06:13:47","guid":{"rendered":"http:\/\/www.ceramictiles.com\/srbija\/product\/alttoglass-mozaik-cool-empire-state\/"},"modified":"2026-01-03T00:02:00","modified_gmt":"2026-01-03T00:02:00","slug":"alttoglass-mozaik-cool-empire-state","status":"publish","type":"product","link":"https:\/\/www.keramika.com\/srbija\/alttoglass-mozaik-cool-empire-state\/","title":{"rendered":"Alttoglass mozaik Cool Empire State"},"content":{"rendered":"<p>Veli\u010dina mre\u017ee sa mozaikom je 30&#215;30 cm, \u0161to omogu\u0107ava jednostavnu ugradnju. Veoma moderan mozaik, dominantne crne boje, oboga\u0107uje savki prostor. Debljina od 8 mm ovog mozaika ga \u010dini vrlo izdr\u017eljivim i prijatnim na dodir. plo\u010dica proizvo\u0111a\u010da Alttoglass iz \u0160panije. 43125 RSD je redovna prodajna cena keramike, tu pa samo 34500 RSD.<\/p>\n<p>Kliknite na ime serije za sve plo\u010dice u toj seriji: <a class=\"pdfcatal\" href=\"\/\/www.ceramictiles.com\/pdf\/altoglass\/catalogue_altoglass_cool.pdf\" onclick=\"recordOutboundLink(this, 'E-mail', 'Description PDF');return false;\">Alttoglass Cool<\/a><\/p>\n<p>Da bi naru\u010dili model iz PDF kataloga ove serije, molimo vas, da nas kontaktirate na: <a href=\"mailto:zo_mi@ceramictiles.com\" onclick=\"recordOutboundLink(this, 'E-mail', 'Description mail');return false;\">zo_mi@ceramictiles.com<\/a> ili nas pozovite na: For exact offer, PLS send us quantity and product you need with delivery address..<\/p>\n<p>Technical description: <br \/>Min. 1 box \u2013 Delivery 30 Euro\/box in EU<br \/>16 kg<\/p>\n","protected":false},"excerpt":{"rendered":"<p>Veli\u010dina mre\u017ee sa mozaikom je 30&#215;30 cm, \u0161to omogu\u0107ava jednostavnu ugradnju. Veoma moderan mozaik, dominantne crne boje, oboga\u0107uje savki prostor. Debljina od 8 mm ovog mozaika ga \u010dini vrlo izdr\u017eljivim i prijatnim na dodir. plo\u010dica proizvo\u0111a\u010da Alttoglass iz \u0160panije. 43125 RSD je redovna prodajna cena keramike, tu pa samo 34500 RSD. Kliknite na ime serije [&hellip;]<\/p>\n","protected":false},"featured_media":94026,"template":"","meta":[],"product_cat":[999759,420,400,999,430],"product_tag":[],"_links":{"self":[{"href":"https:\/\/www.keramika.com\/srbija\/wp-json\/wp\/v2\/product\/94025"}],"collection":[{"href":"https:\/\/www.keramika.com\/srbija\/wp-json\/wp\/v2\/product"}],"about":[{"href":"https:\/\/www.keramika.com\/srbija\/wp-json\/wp\/v2\/types\/product"}],"wp:featuredmedia":[{"embeddable":true,"href":"https:\/\/www.keramika.com\/srbija\/wp-json\/wp\/v2\/media\/94026"}],"wp:attachment":[{"href":"https:\/\/www.keramika.com\/srbija\/wp-json\/wp\/v2\/media?parent=94025"}],"wp:term":[{"taxonomy":"product_cat","embeddable":true,"href":"https:\/\/www.keramika.com\/srbija\/wp-json\/wp\/v2\/product_cat?post=94025"},{"taxonomy":"product_tag","embeddable":true,"href":"https:\/\/www.keramika.com\/srbija\/wp-json\/wp\/v2\/product_tag?post=94025"}],"curies":[{"name":"wp","href":"https:\/\/api.w.org\/{rel}","templated":true}]}}