{"id":93999,"date":"2017-07-02T06:09:10","date_gmt":"2017-07-02T06:09:10","guid":{"rendered":"http:\/\/www.ceramictiles.com\/srbija\/product\/alttoglass-mozaik-alps-berna\/"},"modified":"2026-01-03T00:01:57","modified_gmt":"2026-01-03T00:01:57","slug":"alttoglass-mozaik-alps-berna","status":"publish","type":"product","link":"https:\/\/www.keramika.com\/srbija\/alttoglass-mozaik-alps-berna\/","title":{"rendered":"Alttoglass mozaik Alps Berna"},"content":{"rendered":"<p>Alttoglass Mosaic Alps Berna dolazi iz \u0160panije, koja je poznata po vrlo visokoj kvaliteta keramike u svetu. Debljina plo\u010dice je vrlo va\u017ena, 8 mm &#8211; mozaik spada me\u0111u najkvalitetnije. Mozaik plo\u010dice bele boje, su izuzetno tra\u017eene. Alttoglass Mosaic Alps Berna je dostupna po vrlo povoljnim cenama 20700 RSD. Dimenzije mre\u017ee na koju je pritvr\u0111en mozaik je 30&#215;30 cm. Mre\u017ea omogu\u0107ava jednostavnu instalaciju.<\/p>\n<p>Kliknite na ime serije za sve plo\u010dice u toj seriji: <a class=\"pdfcatal\" href=\"\/\/www.ceramictiles.com\/pdf\/altoglass\/catalogue_altoglass_alps.pdf\" onclick=\"recordOutboundLink(this, 'E-mail', 'Description PDF');return false;\">Alttoglass Alps<\/a><\/p>\n<p>Da bi naru\u010dili model iz PDF kataloga ove serije, molimo vas, da nas kontaktirate na: <a href=\"mailto:zo_mi@ceramictiles.com\" onclick=\"recordOutboundLink(this, 'E-mail', 'Description mail');return false;\">zo_mi@ceramictiles.com<\/a> ili nas pozovite na: For exact offer, PLS send us quantity and product you need with delivery address..<\/p>\n<p>Technical description: <br \/>Min. 1 box \u2013 Delivery 30 Euro\/box in EU<br \/>Ref. S0001 &#8211; 18,73 kg<\/p>\n","protected":false},"excerpt":{"rendered":"<p>Alttoglass Mosaic Alps Berna dolazi iz \u0160panije, koja je poznata po vrlo visokoj kvaliteta keramike u svetu. Debljina plo\u010dice je vrlo va\u017ena, 8 mm &#8211; mozaik spada me\u0111u najkvalitetnije. Mozaik plo\u010dice bele boje, su izuzetno tra\u017eene. Alttoglass Mosaic Alps Berna je dostupna po vrlo povoljnim cenama 20700 RSD. Dimenzije mre\u017ee na koju je pritvr\u0111en mozaik [&hellip;]<\/p>\n","protected":false},"featured_media":94000,"template":"","meta":[],"product_cat":[999759,420,400,999,430],"product_tag":[],"_links":{"self":[{"href":"https:\/\/www.keramika.com\/srbija\/wp-json\/wp\/v2\/product\/93999"}],"collection":[{"href":"https:\/\/www.keramika.com\/srbija\/wp-json\/wp\/v2\/product"}],"about":[{"href":"https:\/\/www.keramika.com\/srbija\/wp-json\/wp\/v2\/types\/product"}],"wp:featuredmedia":[{"embeddable":true,"href":"https:\/\/www.keramika.com\/srbija\/wp-json\/wp\/v2\/media\/94000"}],"wp:attachment":[{"href":"https:\/\/www.keramika.com\/srbija\/wp-json\/wp\/v2\/media?parent=93999"}],"wp:term":[{"taxonomy":"product_cat","embeddable":true,"href":"https:\/\/www.keramika.com\/srbija\/wp-json\/wp\/v2\/product_cat?post=93999"},{"taxonomy":"product_tag","embeddable":true,"href":"https:\/\/www.keramika.com\/srbija\/wp-json\/wp\/v2\/product_tag?post=93999"}],"curies":[{"name":"wp","href":"https:\/\/api.w.org\/{rel}","templated":true}]}}