{"id":93981,"date":"2017-07-02T06:06:49","date_gmt":"2017-07-02T06:06:49","guid":{"rendered":"http:\/\/www.ceramictiles.com\/srbija\/product\/keramicke-plocice-20x20-grey\/"},"modified":"2026-01-03T00:01:54","modified_gmt":"2026-01-03T00:01:54","slug":"keramicke-plocice-20x20-grey","status":"publish","type":"product","link":"https:\/\/www.keramika.com\/srbija\/keramicke-plocice-20x20-grey\/","title":{"rendered":"Kerami\u010dke plo\u010dice 20&#215;20 Grey"},"content":{"rendered":"<p>Ova plo\u010dica je debela 6 mm i zato je izuzetno izdr\u017eljiva. Veli\u010dina 20&#215;20 cm je odli\u010dna za sve podloge. U izboru plo\u010dica sive boje, ne mo\u017eete pogre\u0161iti. U maloprodaji bi morali za tu plo\u010dicu platiti 3165,95 RSD, online cena je samo 2532,3 RSD. Plo\u010dice dolaze iz Portugala, koja je poznata po kvalitetnoj keramiki.<\/p>\n<p>Kliknite na ime serije za sve plo\u010dice u toj seriji: <a class=\"pdfcatal\" href=\"\/\/www.ceramictiles.com\/pdf\/primus\/catalogue_primus_vitoria.pdf\" onclick=\"recordOutboundLink(this, 'E-mail', 'Description PDF');return false;\">Primusvitoria Tec Floor<\/a><\/p>\n<p>Da bi naru\u010dili model iz PDF kataloga ove serije, molimo vas, da nas kontaktirate na: <a href=\"mailto:zo_mi@ceramictiles.com\" onclick=\"recordOutboundLink(this, 'E-mail', 'Description mail');return false;\">zo_mi@ceramictiles.com<\/a> ili nas pozovite na: For exact offer, PLS send us quantity and product you need with delivery address..<\/p>\n","protected":false},"excerpt":{"rendered":"<p>Ova plo\u010dica je debela 6 mm i zato je izuzetno izdr\u017eljiva. Veli\u010dina 20&#215;20 cm je odli\u010dna za sve podloge. U izboru plo\u010dica sive boje, ne mo\u017eete pogre\u0161iti. U maloprodaji bi morali za tu plo\u010dicu platiti 3165,95 RSD, online cena je samo 2532,3 RSD. Plo\u010dice dolaze iz Portugala, koja je poznata po kvalitetnoj keramiki. Kliknite na [&hellip;]<\/p>\n","protected":false},"featured_media":93982,"template":"","meta":[],"product_cat":[200,220,230,99921441,999,290],"product_tag":[],"_links":{"self":[{"href":"https:\/\/www.keramika.com\/srbija\/wp-json\/wp\/v2\/product\/93981"}],"collection":[{"href":"https:\/\/www.keramika.com\/srbija\/wp-json\/wp\/v2\/product"}],"about":[{"href":"https:\/\/www.keramika.com\/srbija\/wp-json\/wp\/v2\/types\/product"}],"wp:featuredmedia":[{"embeddable":true,"href":"https:\/\/www.keramika.com\/srbija\/wp-json\/wp\/v2\/media\/93982"}],"wp:attachment":[{"href":"https:\/\/www.keramika.com\/srbija\/wp-json\/wp\/v2\/media?parent=93981"}],"wp:term":[{"taxonomy":"product_cat","embeddable":true,"href":"https:\/\/www.keramika.com\/srbija\/wp-json\/wp\/v2\/product_cat?post=93981"},{"taxonomy":"product_tag","embeddable":true,"href":"https:\/\/www.keramika.com\/srbija\/wp-json\/wp\/v2\/product_tag?post=93981"}],"curies":[{"name":"wp","href":"https:\/\/api.w.org\/{rel}","templated":true}]}}