{"id":93955,"date":"2017-07-02T06:03:20","date_gmt":"2017-07-02T06:03:20","guid":{"rendered":"http:\/\/www.ceramictiles.com\/srbija\/product\/keramicke-plocice-30x30-yellow\/"},"modified":"2026-01-03T00:01:50","modified_gmt":"2026-01-03T00:01:50","slug":"keramicke-plocice-30x30-yellow","status":"publish","type":"product","link":"https:\/\/www.keramika.com\/srbija\/keramicke-plocice-30x30-yellow\/","title":{"rendered":"Kerami\u010dke plo\u010dice 30&#215;30 Yellow"},"content":{"rendered":"<p>Ta kolekcija, model plo\u010dice, se prodaje najvi\u0161e narand\u017easte boje. Plo\u010dica na sliki je 30&#215;30 cm. Debljina plo\u010dice, je vrlo va\u017ena 6 mm i ubraja tu plo\u010dicu me\u0111u najkvalitetnije. Online cena je samo 2042,4 RSD, dok redovna, maloprodajna cena 2553 RSD. Ceramic tiles 30&#215;30 Yellow dolazi iz Portugala, koja je poznata po vrlo visokoj kvaliteta keramike u svetu.<\/p>\n<p>Kliknite na ime serije za sve plo\u010dice u toj seriji: <a class=\"pdfcatal\" href=\"\/\/www.ceramictiles.com\/pdf\/primus\/catalogue_primus_vitoria.pdf\" onclick=\"recordOutboundLink(this, 'E-mail', 'Description PDF');return false;\">Primusvitoria Mosaique<\/a><\/p>\n<p>Da bi naru\u010dili model iz PDF kataloga ove serije, molimo vas, da nas kontaktirate na: <a href=\"mailto:zo_mi@ceramictiles.com\" onclick=\"recordOutboundLink(this, 'E-mail', 'Description mail');return false;\">zo_mi@ceramictiles.com<\/a> ili nas pozovite na: For exact offer, PLS send us quantity and product you need with delivery address..<\/p>\n","protected":false},"excerpt":{"rendered":"<p>Ta kolekcija, model plo\u010dice, se prodaje najvi\u0161e narand\u017easte boje. Plo\u010dica na sliki je 30&#215;30 cm. Debljina plo\u010dice, je vrlo va\u017ena 6 mm i ubraja tu plo\u010dicu me\u0111u najkvalitetnije. Online cena je samo 2042,4 RSD, dok redovna, maloprodajna cena 2553 RSD. Ceramic tiles 30&#215;30 Yellow dolazi iz Portugala, koja je poznata po vrlo visokoj kvaliteta keramike [&hellip;]<\/p>\n","protected":false},"featured_media":93956,"template":"","meta":[],"product_cat":[200,220,230,99921441,999,290],"product_tag":[],"_links":{"self":[{"href":"https:\/\/www.keramika.com\/srbija\/wp-json\/wp\/v2\/product\/93955"}],"collection":[{"href":"https:\/\/www.keramika.com\/srbija\/wp-json\/wp\/v2\/product"}],"about":[{"href":"https:\/\/www.keramika.com\/srbija\/wp-json\/wp\/v2\/types\/product"}],"wp:featuredmedia":[{"embeddable":true,"href":"https:\/\/www.keramika.com\/srbija\/wp-json\/wp\/v2\/media\/93956"}],"wp:attachment":[{"href":"https:\/\/www.keramika.com\/srbija\/wp-json\/wp\/v2\/media?parent=93955"}],"wp:term":[{"taxonomy":"product_cat","embeddable":true,"href":"https:\/\/www.keramika.com\/srbija\/wp-json\/wp\/v2\/product_cat?post=93955"},{"taxonomy":"product_tag","embeddable":true,"href":"https:\/\/www.keramika.com\/srbija\/wp-json\/wp\/v2\/product_tag?post=93955"}],"curies":[{"name":"wp","href":"https:\/\/api.w.org\/{rel}","templated":true}]}}