{"id":93907,"date":"2017-07-02T05:57:04","date_gmt":"2017-07-02T05:57:04","guid":{"rendered":"http:\/\/www.ceramictiles.com\/srbija\/product\/keramicke-plocice-20x20-green\/"},"modified":"2026-01-03T00:01:42","modified_gmt":"2026-01-03T00:01:42","slug":"keramicke-plocice-20x20-green","status":"publish","type":"product","link":"https:\/\/www.keramika.com\/srbija\/keramicke-plocice-20x20-green\/","title":{"rendered":"Kerami\u010dke plo\u010dice 20&#215;20 Green"},"content":{"rendered":"<p>Ceramic tiles 20&#215;20 Green dolazi iz Portugala, koja je poznata po vrlo visokoj kvaliteta keramike u svetu. U izboru plo\u010dica crvene boje, ne mo\u017eete pogre\u0161iti. Debljina plo\u010dice, je vrlo va\u017ena 7 mm i ubraja tu plo\u010dicu me\u0111u najkvalitetnije. Plo\u010dica na sliki je 20&#215;20 cm. Online cena je samo 2346 RSD, dok redovna, maloprodajna cena 2932,5 RSD.<\/p>\n<p>Kliknite na ime serije za sve plo\u010dice u toj seriji: <a class=\"pdfcatal\" href=\"\/\/www.ceramictiles.com\/pdf\/primus\/catalogue_primus_vitoria.pdf\" onclick=\"recordOutboundLink(this, 'E-mail', 'Description PDF');return false;\">Primusvitoria Brilho<\/a><\/p>\n<p>Da bi naru\u010dili model iz PDF kataloga ove serije, molimo vas, da nas kontaktirate na: <a href=\"mailto:zo_mi@ceramictiles.com\" onclick=\"recordOutboundLink(this, 'E-mail', 'Description mail');return false;\">zo_mi@ceramictiles.com<\/a> ili nas pozovite na: For exact offer, PLS send us quantity and product you need with delivery address..<\/p>\n","protected":false},"excerpt":{"rendered":"<p>Ceramic tiles 20&#215;20 Green dolazi iz Portugala, koja je poznata po vrlo visokoj kvaliteta keramike u svetu. U izboru plo\u010dica crvene boje, ne mo\u017eete pogre\u0161iti. Debljina plo\u010dice, je vrlo va\u017ena 7 mm i ubraja tu plo\u010dicu me\u0111u najkvalitetnije. Plo\u010dica na sliki je 20&#215;20 cm. Online cena je samo 2346 RSD, dok redovna, maloprodajna cena 2932,5 [&hellip;]<\/p>\n","protected":false},"featured_media":93908,"template":"","meta":[],"product_cat":[200,220,230,99921441,999,290],"product_tag":[],"_links":{"self":[{"href":"https:\/\/www.keramika.com\/srbija\/wp-json\/wp\/v2\/product\/93907"}],"collection":[{"href":"https:\/\/www.keramika.com\/srbija\/wp-json\/wp\/v2\/product"}],"about":[{"href":"https:\/\/www.keramika.com\/srbija\/wp-json\/wp\/v2\/types\/product"}],"wp:featuredmedia":[{"embeddable":true,"href":"https:\/\/www.keramika.com\/srbija\/wp-json\/wp\/v2\/media\/93908"}],"wp:attachment":[{"href":"https:\/\/www.keramika.com\/srbija\/wp-json\/wp\/v2\/media?parent=93907"}],"wp:term":[{"taxonomy":"product_cat","embeddable":true,"href":"https:\/\/www.keramika.com\/srbija\/wp-json\/wp\/v2\/product_cat?post=93907"},{"taxonomy":"product_tag","embeddable":true,"href":"https:\/\/www.keramika.com\/srbija\/wp-json\/wp\/v2\/product_tag?post=93907"}],"curies":[{"name":"wp","href":"https:\/\/api.w.org\/{rel}","templated":true}]}}