{"id":93863,"date":"2017-07-02T05:50:08","date_gmt":"2017-07-02T05:50:08","guid":{"rendered":"http:\/\/www.ceramictiles.com\/srbija\/product\/mosavit-mosaico-pelle-beige\/"},"modified":"2026-01-03T00:01:36","modified_gmt":"2026-01-03T00:01:36","slug":"mosavit-mosaico-pelle-beige","status":"publish","type":"product","link":"https:\/\/www.keramika.com\/srbija\/mosavit-mosaico-pelle-beige\/","title":{"rendered":"Mosavit Mosaico Pelle Beige"},"content":{"rendered":"<p>Redovna cena tog mozaika u maloprodaji je 19766,2 RSD, a u na\u0161oj online trgovini, ga mo\u017eete dobiti za 15812,5 RSD. 5 mm debljina \u0107e zadovoljiti i najzahtevnije kupce. Naj vi\u0161e se prodaju be\u017e mozik plo\u010dice. Ove mozaik plo\u010dice doleaze iz \u0160panije, koja je poznata po kvalitetnom mozaiku. Veli\u010dina mre\u017ee sa mozaikom je 31,6&#215;31,6 cm, \u0161to omogu\u0107ava jednostavnu ugradnju.<\/p>\n<p>Technical description: <\/p>\n<p>Min. 1 box &#8211; Delivery 30 Euro\/box in EU<\/p>\n","protected":false},"excerpt":{"rendered":"<p>Redovna cena tog mozaika u maloprodaji je 19766,2 RSD, a u na\u0161oj online trgovini, ga mo\u017eete dobiti za 15812,5 RSD. 5 mm debljina \u0107e zadovoljiti i najzahtevnije kupce. Naj vi\u0161e se prodaju be\u017e mozik plo\u010dice. Ove mozaik plo\u010dice doleaze iz \u0160panije, koja je poznata po kvalitetnom mozaiku. Veli\u010dina mre\u017ee sa mozaikom je 31,6&#215;31,6 cm, \u0161to [&hellip;]<\/p>\n","protected":false},"featured_media":93864,"template":"","meta":[],"product_cat":[999405,400,999,410],"product_tag":[99950093],"_links":{"self":[{"href":"https:\/\/www.keramika.com\/srbija\/wp-json\/wp\/v2\/product\/93863"}],"collection":[{"href":"https:\/\/www.keramika.com\/srbija\/wp-json\/wp\/v2\/product"}],"about":[{"href":"https:\/\/www.keramika.com\/srbija\/wp-json\/wp\/v2\/types\/product"}],"wp:featuredmedia":[{"embeddable":true,"href":"https:\/\/www.keramika.com\/srbija\/wp-json\/wp\/v2\/media\/93864"}],"wp:attachment":[{"href":"https:\/\/www.keramika.com\/srbija\/wp-json\/wp\/v2\/media?parent=93863"}],"wp:term":[{"taxonomy":"product_cat","embeddable":true,"href":"https:\/\/www.keramika.com\/srbija\/wp-json\/wp\/v2\/product_cat?post=93863"},{"taxonomy":"product_tag","embeddable":true,"href":"https:\/\/www.keramika.com\/srbija\/wp-json\/wp\/v2\/product_tag?post=93863"}],"curies":[{"name":"wp","href":"https:\/\/api.w.org\/{rel}","templated":true}]}}