{"id":93437,"date":"2017-07-02T04:38:16","date_gmt":"2017-07-02T04:38:16","guid":{"rendered":"http:\/\/www.ceramictiles.com\/srbija\/product\/keramika-imitacija-drveta-aparici-hd-jungle\/"},"modified":"2017-07-04T12:01:05","modified_gmt":"2017-07-04T12:01:05","slug":"keramika-imitacija-drveta-aparici-hd-jungle","status":"publish","type":"product","link":"https:\/\/www.keramika.com\/srbija\/keramika-imitacija-drveta-aparici-hd-jungle\/","title":{"rendered":"Keramika imitacija drveta Aparici HD\u00a0Jungle"},"content":{"rendered":"<p>plo\u010dica proizvo\u0111a\u010da Aparici iz \u0160panije. Veli\u010dina 30&#215;60 cm je odli\u010dna za sve podloge. Ova plo\u010dica je debela 10 mm i zato je izuzetno izdr\u017eljiva. Plo\u010dice braon boje osvje\u017eit \u0107e svaki prostor.<\/p>\n<p>Kliknite na ime serije za sve plo\u010dice u toj seriji: <a class=\"pdfcatal\" href=\"\/\/www.ceramictiles.com\/pdf\/aparici\/catalogue_aparici_jungle.pdf\" onclick=\"recordOutboundLink(this, 'E-mail', 'Description PDF');return false;\">Aparici Jungle<\/a><\/p>\n<p>Da bi naru\u010dili model iz PDF kataloga ove serije, molimo vas, da nas kontaktirate na: <a href=\"mailto:zo_mi@ceramictiles.com\" onclick=\"recordOutboundLink(this, 'E-mail', 'Description mail');return false;\">zo_mi@ceramictiles.com<\/a> ili nas pozovite na: For exact offer, PLS send us quantity and product you need with delivery address..<\/p>\n<p>Technical description: <br \/> W &#038; F 44,63&#215;89,46 ; 29,75&#215;59,55 ; 22,21&#215;89,46 <br \/>Jungle Maple ; Jungle Oak ; Jungle Walnut ;<\/p>\n","protected":false},"excerpt":{"rendered":"<p>plo\u010dica proizvo\u0111a\u010da Aparici iz \u0160panije. Veli\u010dina 30&#215;60 cm je odli\u010dna za sve podloge. Ova plo\u010dica je debela 10 mm i zato je izuzetno izdr\u017eljiva. Plo\u010dice braon boje osvje\u017eit \u0107e svaki prostor. Kliknite na ime serije za sve plo\u010dice u toj seriji: Aparici Jungle Da bi naru\u010dili model iz PDF kataloga ove serije, molimo vas, da [&hellip;]<\/p>\n","protected":false},"featured_media":93438,"template":"","meta":[],"product_cat":[999773,200,240,260,999,250],"product_tag":[99950095],"_links":{"self":[{"href":"https:\/\/www.keramika.com\/srbija\/wp-json\/wp\/v2\/product\/93437"}],"collection":[{"href":"https:\/\/www.keramika.com\/srbija\/wp-json\/wp\/v2\/product"}],"about":[{"href":"https:\/\/www.keramika.com\/srbija\/wp-json\/wp\/v2\/types\/product"}],"wp:featuredmedia":[{"embeddable":true,"href":"https:\/\/www.keramika.com\/srbija\/wp-json\/wp\/v2\/media\/93438"}],"wp:attachment":[{"href":"https:\/\/www.keramika.com\/srbija\/wp-json\/wp\/v2\/media?parent=93437"}],"wp:term":[{"taxonomy":"product_cat","embeddable":true,"href":"https:\/\/www.keramika.com\/srbija\/wp-json\/wp\/v2\/product_cat?post=93437"},{"taxonomy":"product_tag","embeddable":true,"href":"https:\/\/www.keramika.com\/srbija\/wp-json\/wp\/v2\/product_tag?post=93437"}],"curies":[{"name":"wp","href":"https:\/\/api.w.org\/{rel}","templated":true}]}}