{"id":93309,"date":"2017-07-02T04:21:02","date_gmt":"2017-07-02T04:21:02","guid":{"rendered":"http:\/\/www.ceramictiles.com\/srbija\/product\/kuhinjske-plocice-halcon-amento\/"},"modified":"2026-01-03T00:01:08","modified_gmt":"2026-01-03T00:01:08","slug":"kuhinjske-plocice-halcon-amento","status":"publish","type":"product","link":"https:\/\/www.keramika.com\/srbija\/kuhinjske-plocice-halcon-amento\/","title":{"rendered":"Kuhinjske plo\u010dice Halcon Amento"},"content":{"rendered":"<p>Umesto 2318,4 RSD \u0161to je redovna maloprodajna cena keramike, u na\u0161oj online prodavnici, je mo\u017eete dobiti za samo 1853,8 RSD. U izboru plo\u010dica sive boje, ne mo\u017eete pogre\u0161iti. Veli\u010dina ove plo\u010dice je 23,5&#215;66,2 cm. Ova plo\u010dica je debela 9 mm i zato je izuzetno izdr\u017eljiva. Halcon Amento je proizvod iz \u0160panije te je izuzetno kvalitetna.<\/p>\n<p>Kliknite na ime serije za sve plo\u010dice u toj seriji: <a class=\"pdfcatal\" href=\"\/\/www.ceramictiles.com\/pdf\/halcon\/catalogue_halcon_amento.pdf\" onclick=\"recordOutboundLink(this, 'E-mail', 'Description PDF');return false;\">Halcon Ceramicas Amento<\/a><\/p>\n<p>Da bi naru\u010dili model iz PDF kataloga ove serije, molimo vas, da nas kontaktirate na: <a href=\"mailto:zo_mi@ceramictiles.com\" onclick=\"recordOutboundLink(this, 'E-mail', 'Description mail');return false;\">zo_mi@ceramictiles.com<\/a> ili nas pozovite na: For exact offer, PLS send us quantity and product you need with delivery address..<\/p>\n<p>Technical description: <br \/> F 23,5&#215;66,2 <br \/>Amento Marron ; Amento Beige ; Amento Gris ;<\/p>\n","protected":false},"excerpt":{"rendered":"<p>Umesto 2318,4 RSD \u0161to je redovna maloprodajna cena keramike, u na\u0161oj online prodavnici, je mo\u017eete dobiti za samo 1853,8 RSD. U izboru plo\u010dica sive boje, ne mo\u017eete pogre\u0161iti. Veli\u010dina ove plo\u010dice je 23,5&#215;66,2 cm. Ova plo\u010dica je debela 9 mm i zato je izuzetno izdr\u017eljiva. Halcon Amento je proizvod iz \u0160panije te je izuzetno kvalitetna. [&hellip;]<\/p>\n","protected":false},"featured_media":93310,"template":"","meta":[],"product_cat":[210,99946,200,230,240,999],"product_tag":[],"_links":{"self":[{"href":"https:\/\/www.keramika.com\/srbija\/wp-json\/wp\/v2\/product\/93309"}],"collection":[{"href":"https:\/\/www.keramika.com\/srbija\/wp-json\/wp\/v2\/product"}],"about":[{"href":"https:\/\/www.keramika.com\/srbija\/wp-json\/wp\/v2\/types\/product"}],"wp:featuredmedia":[{"embeddable":true,"href":"https:\/\/www.keramika.com\/srbija\/wp-json\/wp\/v2\/media\/93310"}],"wp:attachment":[{"href":"https:\/\/www.keramika.com\/srbija\/wp-json\/wp\/v2\/media?parent=93309"}],"wp:term":[{"taxonomy":"product_cat","embeddable":true,"href":"https:\/\/www.keramika.com\/srbija\/wp-json\/wp\/v2\/product_cat?post=93309"},{"taxonomy":"product_tag","embeddable":true,"href":"https:\/\/www.keramika.com\/srbija\/wp-json\/wp\/v2\/product_tag?post=93309"}],"curies":[{"name":"wp","href":"https:\/\/api.w.org\/{rel}","templated":true}]}}