{"id":93307,"date":"2017-07-02T04:20:46","date_gmt":"2017-07-02T04:20:46","guid":{"rendered":"http:\/\/www.ceramictiles.com\/srbija\/product\/keramika-imitacija-drveta-halcon-amazonas\/"},"modified":"2026-01-03T00:01:07","modified_gmt":"2026-01-03T00:01:07","slug":"keramika-imitacija-drveta-halcon-amazonas","status":"publish","type":"product","link":"https:\/\/www.keramika.com\/srbija\/keramika-imitacija-drveta-halcon-amazonas\/","title":{"rendered":"Keramika imitacija drveta Halcon Amazonas"},"content":{"rendered":"<p>\u0160irina i du\u017eina plo\u010dice su 23,5&#215;66,2 cm. Plo\u010dice braon boje osvje\u017eit \u0107e svaki prostor. 2318,4 RSD je redovna prodajna cena keramike, tu pa samo 1853,8 RSD. Plo\u010dice dolaze iz \u0160panije, koja je poznata po kvalitetnoj keramiki. 9 mm debljine je dovoljno za zahtevnije kupce.<\/p>\n<p>Kliknite na ime serije za sve plo\u010dice u toj seriji: <a class=\"pdfcatal\" href=\"\/\/www.ceramictiles.com\/pdf\/halcon\/catalogue_halcon_amazonas.pdf\" onclick=\"recordOutboundLink(this, 'E-mail', 'Description PDF');return false;\">Halcon Ceramicas Amazonas<\/a><\/p>\n<p>Da bi naru\u010dili model iz PDF kataloga ove serije, molimo vas, da nas kontaktirate na: <a href=\"mailto:zo_mi@ceramictiles.com\" onclick=\"recordOutboundLink(this, 'E-mail', 'Description mail');return false;\">zo_mi@ceramictiles.com<\/a> ili nas pozovite na: For exact offer, PLS send us quantity and product you need with delivery address..<\/p>\n<p>Technical description: <br \/> F 23,5&#215;66,2 <br \/>Amazonas Santa Fe Sevilla ; Amazonas Teka ; Amazonas Autumn Maple ; Amazonas Caoba ; Amazonas Gris ; Amazonas Roble ;<\/p>\n","protected":false},"excerpt":{"rendered":"<p>\u0160irina i du\u017eina plo\u010dice su 23,5&#215;66,2 cm. Plo\u010dice braon boje osvje\u017eit \u0107e svaki prostor. 2318,4 RSD je redovna prodajna cena keramike, tu pa samo 1853,8 RSD. Plo\u010dice dolaze iz \u0160panije, koja je poznata po kvalitetnoj keramiki. 9 mm debljine je dovoljno za zahtevnije kupce. Kliknite na ime serije za sve plo\u010dice u toj seriji: Halcon [&hellip;]<\/p>\n","protected":false},"featured_media":93308,"template":"","meta":[],"product_cat":[210,99946,200,230,240,999],"product_tag":[99950095],"_links":{"self":[{"href":"https:\/\/www.keramika.com\/srbija\/wp-json\/wp\/v2\/product\/93307"}],"collection":[{"href":"https:\/\/www.keramika.com\/srbija\/wp-json\/wp\/v2\/product"}],"about":[{"href":"https:\/\/www.keramika.com\/srbija\/wp-json\/wp\/v2\/types\/product"}],"wp:featuredmedia":[{"embeddable":true,"href":"https:\/\/www.keramika.com\/srbija\/wp-json\/wp\/v2\/media\/93308"}],"wp:attachment":[{"href":"https:\/\/www.keramika.com\/srbija\/wp-json\/wp\/v2\/media?parent=93307"}],"wp:term":[{"taxonomy":"product_cat","embeddable":true,"href":"https:\/\/www.keramika.com\/srbija\/wp-json\/wp\/v2\/product_cat?post=93307"},{"taxonomy":"product_tag","embeddable":true,"href":"https:\/\/www.keramika.com\/srbija\/wp-json\/wp\/v2\/product_tag?post=93307"}],"curies":[{"name":"wp","href":"https:\/\/api.w.org\/{rel}","templated":true}]}}