{"id":93237,"date":"2017-07-02T04:10:14","date_gmt":"2017-07-02T04:10:14","guid":{"rendered":"http:\/\/www.ceramictiles.com\/srbija\/product\/dekorativne-plocice-cicogres-almenara\/"},"modified":"2026-01-03T00:00:58","modified_gmt":"2026-01-03T00:00:58","slug":"dekorativne-plocice-cicogres-almenara","status":"publish","type":"product","link":"https:\/\/www.keramika.com\/srbija\/dekorativne-plocice-cicogres-almenara\/","title":{"rendered":"Dekorativne plo\u010dice Cicogres Almenara"},"content":{"rendered":"<p>Online cena je samo 1380 RSD, dok redovna, maloprodajna cena 1725 RSD. U izboru plo\u010dica be\u017e boje, ne mo\u017eete pogre\u0161iti. 9 mm debljine je dovoljno za zahtevnije kupce. Veli\u010dina 45&#215;45 cm je odli\u010dna za sve podloge. Proizvodnja \u0160panije ,koja je poznata u svetu, kao jedana od najboljih proizvo\u0111a\u010da kerami\u010dkih plo\u010dica.<\/p>\n<p>Kliknite na ime serije za sve plo\u010dice u toj seriji: <a class=\"pdfcatal\" href=\"\/\/www.ceramictiles.com\/pdf\/cicogres\/catalogue_cicogres_almenara.pdf\" onclick=\"recordOutboundLink(this, 'E-mail', 'Description PDF');return false;\">Cicogres Almenara<\/a><\/p>\n<p>Da bi naru\u010dili model iz PDF kataloga ove serije, molimo vas, da nas kontaktirate na: <a href=\"mailto:zo_mi@ceramictiles.com\" onclick=\"recordOutboundLink(this, 'E-mail', 'Description mail');return false;\">zo_mi@ceramictiles.com<\/a> ili nas pozovite na: For exact offer, PLS send us quantity and product you need with delivery address..<\/p>\n<p>Technical description: <br \/> F 45&#215;45 <br \/>Almenara ;<\/p>\n","protected":false},"excerpt":{"rendered":"<p>Online cena je samo 1380 RSD, dok redovna, maloprodajna cena 1725 RSD. U izboru plo\u010dica be\u017e boje, ne mo\u017eete pogre\u0161iti. 9 mm debljine je dovoljno za zahtevnije kupce. Veli\u010dina 45&#215;45 cm je odli\u010dna za sve podloge. Proizvodnja \u0160panije ,koja je poznata u svetu, kao jedana od najboljih proizvo\u0111a\u010da kerami\u010dkih plo\u010dica. Kliknite na ime serije za [&hellip;]<\/p>\n","protected":false},"featured_media":93238,"template":"","meta":[],"product_cat":[999964,200,230,240,999],"product_tag":[],"_links":{"self":[{"href":"https:\/\/www.keramika.com\/srbija\/wp-json\/wp\/v2\/product\/93237"}],"collection":[{"href":"https:\/\/www.keramika.com\/srbija\/wp-json\/wp\/v2\/product"}],"about":[{"href":"https:\/\/www.keramika.com\/srbija\/wp-json\/wp\/v2\/types\/product"}],"wp:featuredmedia":[{"embeddable":true,"href":"https:\/\/www.keramika.com\/srbija\/wp-json\/wp\/v2\/media\/93238"}],"wp:attachment":[{"href":"https:\/\/www.keramika.com\/srbija\/wp-json\/wp\/v2\/media?parent=93237"}],"wp:term":[{"taxonomy":"product_cat","embeddable":true,"href":"https:\/\/www.keramika.com\/srbija\/wp-json\/wp\/v2\/product_cat?post=93237"},{"taxonomy":"product_tag","embeddable":true,"href":"https:\/\/www.keramika.com\/srbija\/wp-json\/wp\/v2\/product_tag?post=93237"}],"curies":[{"name":"wp","href":"https:\/\/api.w.org\/{rel}","templated":true}]}}