{"id":93217,"date":"2017-07-02T04:07:09","date_gmt":"2017-07-02T04:07:09","guid":{"rendered":"http:\/\/www.ceramictiles.com\/srbija\/product\/natucer-klinker-simbols-blau-natural\/"},"modified":"2026-01-03T00:00:55","modified_gmt":"2026-01-03T00:00:55","slug":"natucer-klinker-simbols-blau-natural","status":"publish","type":"product","link":"https:\/\/www.keramika.com\/srbija\/natucer-klinker-simbols-blau-natural\/","title":{"rendered":"Natucer klinker Simbols Blau Natural"},"content":{"rendered":"<p>Natucer klinker Simbols Blau Natural dolazi iz \u0160panije, koja je poznata po vrlo visokoj kvaliteta keramike u svetu. Zbog ni\u017eih tro\u0161kova, online prodaje, Vi \u0107e te na na\u0161oj strani ove plo\u010de platiti samo 5015,15 RSD. Plo\u010dice bele boje osvje\u017eit \u0107e svaki prostor. Debljina plo\u010dice, je vrlo va\u017ena 9 mm i ubraja tu plo\u010dicu me\u0111u najkvalitetnije. Veli\u010dina ove plo\u010dice je 36&#215;36 cm.<\/p>\n<p>Kliknite na ime serije za sve plo\u010dice u toj seriji: <a class=\"pdfcatal\" href=\"\/\/www.ceramictiles.com\/pdf\/natucer\/catalogue_natucer_simbols.pdf\" onclick=\"recordOutboundLink(this, 'E-mail', 'Description PDF');return false;\">Natucer Ceramica Simbols<\/a><\/p>\n<p>Da bi naru\u010dili model iz PDF kataloga ove serije, molimo vas, da nas kontaktirate na: <a href=\"mailto:zo_mi@ceramictiles.com\" onclick=\"recordOutboundLink(this, 'E-mail', 'Description mail');return false;\">zo_mi@ceramictiles.com<\/a> ili nas pozovite na: For exact offer, PLS send us quantity and product you need with delivery address..<\/p>\n<p>Technical description: <br \/> F 36&#215;36 <br \/>Simbols Clar ; Simbols Riu ; Simbols Flama ; Simbols Cel ; Simbols Blau ; Simbols Fosc ;<\/p>\n","protected":false},"excerpt":{"rendered":"<p>Natucer klinker Simbols Blau Natural dolazi iz \u0160panije, koja je poznata po vrlo visokoj kvaliteta keramike u svetu. Zbog ni\u017eih tro\u0161kova, online prodaje, Vi \u0107e te na na\u0161oj strani ove plo\u010de platiti samo 5015,15 RSD. Plo\u010dice bele boje osvje\u017eit \u0107e svaki prostor. Debljina plo\u010dice, je vrlo va\u017ena 9 mm i ubraja tu plo\u010dicu me\u0111u najkvalitetnije. [&hellip;]<\/p>\n","protected":false},"featured_media":93218,"template":"","meta":[],"product_cat":[100,9991435,999,120],"product_tag":[],"_links":{"self":[{"href":"https:\/\/www.keramika.com\/srbija\/wp-json\/wp\/v2\/product\/93217"}],"collection":[{"href":"https:\/\/www.keramika.com\/srbija\/wp-json\/wp\/v2\/product"}],"about":[{"href":"https:\/\/www.keramika.com\/srbija\/wp-json\/wp\/v2\/types\/product"}],"wp:featuredmedia":[{"embeddable":true,"href":"https:\/\/www.keramika.com\/srbija\/wp-json\/wp\/v2\/media\/93218"}],"wp:attachment":[{"href":"https:\/\/www.keramika.com\/srbija\/wp-json\/wp\/v2\/media?parent=93217"}],"wp:term":[{"taxonomy":"product_cat","embeddable":true,"href":"https:\/\/www.keramika.com\/srbija\/wp-json\/wp\/v2\/product_cat?post=93217"},{"taxonomy":"product_tag","embeddable":true,"href":"https:\/\/www.keramika.com\/srbija\/wp-json\/wp\/v2\/product_tag?post=93217"}],"curies":[{"name":"wp","href":"https:\/\/api.w.org\/{rel}","templated":true}]}}