{"id":93213,"date":"2017-07-02T04:06:32","date_gmt":"2017-07-02T04:06:32","guid":{"rendered":"http:\/\/www.ceramictiles.com\/srbija\/product\/natucer-klinker-rocas-de-galicia-pontevedra\/"},"modified":"2026-01-03T00:00:54","modified_gmt":"2026-01-03T00:00:54","slug":"natucer-klinker-rocas-de-galicia-pontevedra","status":"publish","type":"product","link":"https:\/\/www.keramika.com\/srbija\/natucer-klinker-rocas-de-galicia-pontevedra\/","title":{"rendered":"Natucer klinker Rocas De Galicia Pontevedra"},"content":{"rendered":"<p>Online cena je samo 3704,15 RSD, dok redovna, maloprodajna cena 4629,9 RSD. 9 mm debljine je dovoljno za zahtevnije kupce. Izuzetno moderne plo\u010dice sive boje, osve\u017eit \u0107e svaki prostor. Plo\u010dice dolaze iz \u0160panije, koja je poznata po kvalitetnoj keramiki. Veli\u010dina 30&#215;30 cm je odli\u010dna za sve podloge.<\/p>\n<p>Kliknite na ime serije za sve plo\u010dice u toj seriji: <a class=\"pdfcatal\" href=\"\/\/www.ceramictiles.com\/pdf\/natucer\/catalogue_natucer_rocas_de_galicia.pdf\" onclick=\"recordOutboundLink(this, 'E-mail', 'Description PDF');return false;\">Natucer Ceramica Rocas De Galicia<\/a><\/p>\n<p>Da bi naru\u010dili model iz PDF kataloga ove serije, molimo vas, da nas kontaktirate na: <a href=\"mailto:zo_mi@ceramictiles.com\" onclick=\"recordOutboundLink(this, 'E-mail', 'Description mail');return false;\">zo_mi@ceramictiles.com<\/a> ili nas pozovite na: For exact offer, PLS send us quantity and product you need with delivery address..<\/p>\n<p>Technical description: <br \/> F 30&#215;60 ; 30&#215;30 ; 15&#215;30 ; 15&#215;15 ; 25&#215;25 <br \/>Rocas De Galicia Lugo ; Rocas De Galicia La Coru\u00f1a ; Rocas De Galicia Pontevedra ; Rocas De Galicia Orense ; Rocas De Galicia Santiago ; Rocas De Galicia Burela ; Rocas De Galicia Sada ; Rocas De Galicia Tui ; Rocas De Galicia Verin ; Rocas De Galicia Noya ;<\/p>\n","protected":false},"excerpt":{"rendered":"<p>Online cena je samo 3704,15 RSD, dok redovna, maloprodajna cena 4629,9 RSD. 9 mm debljine je dovoljno za zahtevnije kupce. Izuzetno moderne plo\u010dice sive boje, osve\u017eit \u0107e svaki prostor. Plo\u010dice dolaze iz \u0160panije, koja je poznata po kvalitetnoj keramiki. Veli\u010dina 30&#215;30 cm je odli\u010dna za sve podloge. Kliknite na ime serije za sve plo\u010dice u [&hellip;]<\/p>\n","protected":false},"featured_media":93214,"template":"","meta":[],"product_cat":[100,9991435,999,120],"product_tag":[],"_links":{"self":[{"href":"https:\/\/www.keramika.com\/srbija\/wp-json\/wp\/v2\/product\/93213"}],"collection":[{"href":"https:\/\/www.keramika.com\/srbija\/wp-json\/wp\/v2\/product"}],"about":[{"href":"https:\/\/www.keramika.com\/srbija\/wp-json\/wp\/v2\/types\/product"}],"wp:featuredmedia":[{"embeddable":true,"href":"https:\/\/www.keramika.com\/srbija\/wp-json\/wp\/v2\/media\/93214"}],"wp:attachment":[{"href":"https:\/\/www.keramika.com\/srbija\/wp-json\/wp\/v2\/media?parent=93213"}],"wp:term":[{"taxonomy":"product_cat","embeddable":true,"href":"https:\/\/www.keramika.com\/srbija\/wp-json\/wp\/v2\/product_cat?post=93213"},{"taxonomy":"product_tag","embeddable":true,"href":"https:\/\/www.keramika.com\/srbija\/wp-json\/wp\/v2\/product_tag?post=93213"}],"curies":[{"name":"wp","href":"https:\/\/api.w.org\/{rel}","templated":true}]}}