{"id":93209,"date":"2017-07-02T04:05:55","date_gmt":"2017-07-02T04:05:55","guid":{"rendered":"http:\/\/www.ceramictiles.com\/srbija\/product\/natucer-klinker-quartz-fume\/"},"modified":"2026-01-03T00:00:54","modified_gmt":"2026-01-03T00:00:54","slug":"natucer-klinker-quartz-fume","status":"publish","type":"product","link":"https:\/\/www.keramika.com\/srbija\/natucer-klinker-quartz-fume\/","title":{"rendered":"Natucer klinker Quartz Fume"},"content":{"rendered":"<p>Redovna cena, ovih plo\u010dica u maloprodaji je 5950,1 RSD. U na\u0161oj online trgovini, je mo\u017eete kupiti za 4761 RSD. Natucer klinker Quartz Fume je proizvod iz \u0160panije te je izuzetno kvalitetna. \u0160irina i du\u017eina plo\u010dice su 15&#215;30 cm. Debljina 9 mm \u010dini plo\u010dicu vrlo izdr\u017eljivom i prijatnom na dodir. Keramika je prekrasne sive boje. U koliko \u017eelite neku drugu boju, pozovite nas i mi \u0107emo proveriti kod proizvo\u0111a\u010da.<\/p>\n<p>Kliknite na ime serije za sve plo\u010dice u toj seriji: <a class=\"pdfcatal\" href=\"\/\/www.ceramictiles.com\/pdf\/natucer\/catalogue_natucer_quartz_klinker.pdf\" onclick=\"recordOutboundLink(this, 'E-mail', 'Description PDF');return false;\">Natucer Ceramica Quartz Klinker<\/a><\/p>\n<p>Da bi naru\u010dili model iz PDF kataloga ove serije, molimo vas, da nas kontaktirate na: <a href=\"mailto:zo_mi@ceramictiles.com\" onclick=\"recordOutboundLink(this, 'E-mail', 'Description mail');return false;\">zo_mi@ceramictiles.com<\/a> ili nas pozovite na: For exact offer, PLS send us quantity and product you need with delivery address..<\/p>\n<p>Technical description: <br \/> F 30&#215;60 ; 25&#215;25 ; 30&#215;30 ; 15&#215;30 ; 15&#215;15 ; 15&#215;17 <br \/>Quartz Klinker Latteo ; Quartz Klinker Rutilo ; Quartz Klinker Citrino ; Quartz Klinker Fume ; Quartz Klinker Galena ;<\/p>\n","protected":false},"excerpt":{"rendered":"<p>Redovna cena, ovih plo\u010dica u maloprodaji je 5950,1 RSD. U na\u0161oj online trgovini, je mo\u017eete kupiti za 4761 RSD. Natucer klinker Quartz Fume je proizvod iz \u0160panije te je izuzetno kvalitetna. \u0160irina i du\u017eina plo\u010dice su 15&#215;30 cm. Debljina 9 mm \u010dini plo\u010dicu vrlo izdr\u017eljivom i prijatnom na dodir. Keramika je prekrasne sive boje. U [&hellip;]<\/p>\n","protected":false},"featured_media":93210,"template":"","meta":[],"product_cat":[150,100,9991435,999,110,120],"product_tag":[],"_links":{"self":[{"href":"https:\/\/www.keramika.com\/srbija\/wp-json\/wp\/v2\/product\/93209"}],"collection":[{"href":"https:\/\/www.keramika.com\/srbija\/wp-json\/wp\/v2\/product"}],"about":[{"href":"https:\/\/www.keramika.com\/srbija\/wp-json\/wp\/v2\/types\/product"}],"wp:featuredmedia":[{"embeddable":true,"href":"https:\/\/www.keramika.com\/srbija\/wp-json\/wp\/v2\/media\/93210"}],"wp:attachment":[{"href":"https:\/\/www.keramika.com\/srbija\/wp-json\/wp\/v2\/media?parent=93209"}],"wp:term":[{"taxonomy":"product_cat","embeddable":true,"href":"https:\/\/www.keramika.com\/srbija\/wp-json\/wp\/v2\/product_cat?post=93209"},{"taxonomy":"product_tag","embeddable":true,"href":"https:\/\/www.keramika.com\/srbija\/wp-json\/wp\/v2\/product_tag?post=93209"}],"curies":[{"name":"wp","href":"https:\/\/api.w.org\/{rel}","templated":true}]}}