{"id":93189,"date":"2017-07-02T04:02:51","date_gmt":"2017-07-02T04:02:51","guid":{"rendered":"http:\/\/www.ceramictiles.com\/srbija\/product\/natucer-klinker-montpelier-dune\/"},"modified":"2026-01-03T00:00:50","modified_gmt":"2026-01-03T00:00:50","slug":"natucer-klinker-montpelier-dune","status":"publish","type":"product","link":"https:\/\/www.keramika.com\/srbija\/natucer-klinker-montpelier-dune\/","title":{"rendered":"Natucer klinker Montpelier Dune"},"content":{"rendered":"<p>Natucer klinker Montpelier Dune je proizvod iz \u0160panije te je izuzetno kvalitetna. Debljina 9 mm \u010dini plo\u010dicu vrlo izdr\u017eljivom i prijatnom na dodir. Natucer klinker Montpelier Dune je dostupna po vrlo povoljnim cenama 5376,25 RSD. Plo\u010dica na sliki je 13&#215;39 cm. Keramika je prekrasne bele boje. U koliko \u017eelite neku drugu boju, pozovite nas i mi \u0107emo proveriti kod proizvo\u0111a\u010da.<\/p>\n<p>Kliknite na ime serije za sve plo\u010dice u toj seriji: <a class=\"pdfcatal\" href=\"\/\/www.ceramictiles.com\/pdf\/natucer\/catalogue_natucer_montpellier.pdf\" onclick=\"recordOutboundLink(this, 'E-mail', 'Description PDF');return false;\">Natucer Ceramica Montpellier<\/a><\/p>\n<p>Da bi naru\u010dili model iz PDF kataloga ove serije, molimo vas, da nas kontaktirate na: <a href=\"mailto:zo_mi@ceramictiles.com\" onclick=\"recordOutboundLink(this, 'E-mail', 'Description mail');return false;\">zo_mi@ceramictiles.com<\/a> ili nas pozovite na: For exact offer, PLS send us quantity and product you need with delivery address..<\/p>\n<p>Technical description: <br \/> W 13&#215;39 ; 13&#215;13 <br \/>Dune ; Sable ; Jaune ; Mousse ; Terre ; Vert ; Azur ;<\/p>\n","protected":false},"excerpt":{"rendered":"<p>Natucer klinker Montpelier Dune je proizvod iz \u0160panije te je izuzetno kvalitetna. Debljina 9 mm \u010dini plo\u010dicu vrlo izdr\u017eljivom i prijatnom na dodir. Natucer klinker Montpelier Dune je dostupna po vrlo povoljnim cenama 5376,25 RSD. Plo\u010dica na sliki je 13&#215;39 cm. Keramika je prekrasne bele boje. U koliko \u017eelite neku drugu boju, pozovite nas i [&hellip;]<\/p>\n","protected":false},"featured_media":93190,"template":"","meta":[],"product_cat":[100,9991435,999,120],"product_tag":[],"_links":{"self":[{"href":"https:\/\/www.keramika.com\/srbija\/wp-json\/wp\/v2\/product\/93189"}],"collection":[{"href":"https:\/\/www.keramika.com\/srbija\/wp-json\/wp\/v2\/product"}],"about":[{"href":"https:\/\/www.keramika.com\/srbija\/wp-json\/wp\/v2\/types\/product"}],"wp:featuredmedia":[{"embeddable":true,"href":"https:\/\/www.keramika.com\/srbija\/wp-json\/wp\/v2\/media\/93190"}],"wp:attachment":[{"href":"https:\/\/www.keramika.com\/srbija\/wp-json\/wp\/v2\/media?parent=93189"}],"wp:term":[{"taxonomy":"product_cat","embeddable":true,"href":"https:\/\/www.keramika.com\/srbija\/wp-json\/wp\/v2\/product_cat?post=93189"},{"taxonomy":"product_tag","embeddable":true,"href":"https:\/\/www.keramika.com\/srbija\/wp-json\/wp\/v2\/product_tag?post=93189"}],"curies":[{"name":"wp","href":"https:\/\/api.w.org\/{rel}","templated":true}]}}