{"id":93111,"date":"2017-07-02T03:50:29","date_gmt":"2017-07-02T03:50:29","guid":{"rendered":"http:\/\/www.ceramictiles.com\/srbija\/product\/porcelanske-plocice-arcana-monochrome-nuez\/"},"modified":"2026-01-03T00:00:42","modified_gmt":"2026-01-03T00:00:42","slug":"porcelanske-plocice-arcana-monochrome-nuez","status":"publish","type":"product","link":"https:\/\/www.keramika.com\/srbija\/porcelanske-plocice-arcana-monochrome-nuez\/","title":{"rendered":"Porcelanske plo\u010dice Arcana Monochrome Nuez"},"content":{"rendered":"<p>plo\u010dica proizvo\u0111a\u010da Arcana tiles iz \u0160panije. Plo\u010dice braon boje, su letos izuzetno tre\u017eene. Ova plo\u010dica je debela 9 mm i zato je izuzetno izdr\u017eljiva. Plo\u010dica na sliki je 25&#215;75 cm. Redovna cena, ovih plo\u010dica u maloprodaji je 6072 RSD. U na\u0161oj online trgovini, je mo\u017eete kupiti za 4857,6 RSD.<\/p>\n<p>Kliknite na ime serije za sve plo\u010dice u toj seriji: <a class=\"pdfcatal\" href=\"\/\/www.ceramictiles.com\/pdf\/arcana\/catalogue_arcana_monochrome.pdf\" onclick=\"recordOutboundLink(this, 'E-mail', 'Description PDF');return false;\">Arcana tiles Monochrome<\/a><\/p>\n<p>Da bi naru\u010dili model iz PDF kataloga ove serije, molimo vas, da nas kontaktirate na: <a href=\"mailto:zo_mi@ceramictiles.com\" onclick=\"recordOutboundLink(this, 'E-mail', 'Description mail');return false;\">zo_mi@ceramictiles.com<\/a> ili nas pozovite na: For exact offer, PLS send us quantity and product you need with delivery address..<\/p>\n<p>Technical description: <br \/> W 25&#215;75 ; 30&#215;30 <br \/>Monochrome Marfil ; Monochrome Arena ; Monochrome Nuez ; Monochrome Ceniza ; Monochrome Gris ; Monochrome Plomo ; Monochrome Mosaic Gris ; Monochrome Mosaic Beige ;<\/p>\n","protected":false},"excerpt":{"rendered":"<p>plo\u010dica proizvo\u0111a\u010da Arcana tiles iz \u0160panije. Plo\u010dice braon boje, su letos izuzetno tre\u017eene. Ova plo\u010dica je debela 9 mm i zato je izuzetno izdr\u017eljiva. Plo\u010dica na sliki je 25&#215;75 cm. Redovna cena, ovih plo\u010dica u maloprodaji je 6072 RSD. U na\u0161oj online trgovini, je mo\u017eete kupiti za 4857,6 RSD. Kliknite na ime serije za sve [&hellip;]<\/p>\n","protected":false},"featured_media":93112,"template":"","meta":[],"product_cat":[99921439,200,260,999,250],"product_tag":[],"_links":{"self":[{"href":"https:\/\/www.keramika.com\/srbija\/wp-json\/wp\/v2\/product\/93111"}],"collection":[{"href":"https:\/\/www.keramika.com\/srbija\/wp-json\/wp\/v2\/product"}],"about":[{"href":"https:\/\/www.keramika.com\/srbija\/wp-json\/wp\/v2\/types\/product"}],"wp:featuredmedia":[{"embeddable":true,"href":"https:\/\/www.keramika.com\/srbija\/wp-json\/wp\/v2\/media\/93112"}],"wp:attachment":[{"href":"https:\/\/www.keramika.com\/srbija\/wp-json\/wp\/v2\/media?parent=93111"}],"wp:term":[{"taxonomy":"product_cat","embeddable":true,"href":"https:\/\/www.keramika.com\/srbija\/wp-json\/wp\/v2\/product_cat?post=93111"},{"taxonomy":"product_tag","embeddable":true,"href":"https:\/\/www.keramika.com\/srbija\/wp-json\/wp\/v2\/product_tag?post=93111"}],"curies":[{"name":"wp","href":"https:\/\/api.w.org\/{rel}","templated":true}]}}