{"id":93109,"date":"2017-07-02T03:50:11","date_gmt":"2017-07-02T03:50:11","guid":{"rendered":"http:\/\/www.ceramictiles.com\/srbija\/product\/plocice-arcana-alabastro\/"},"modified":"2026-01-03T00:00:42","modified_gmt":"2026-01-03T00:00:42","slug":"plocice-arcana-alabastro","status":"publish","type":"product","link":"https:\/\/www.keramika.com\/srbija\/plocice-arcana-alabastro\/","title":{"rendered":"Plo\u010dice Arcana Alabastro"},"content":{"rendered":"<p>Ta kolekcija, model plo\u010dice, se prodaje najvi\u0161e be\u017e boje. plo\u010dica proizvo\u0111a\u010da Arcana tiles iz \u0160panije. Veli\u010dina ove plo\u010dice je 60&#215;60 cm. Debljina 9 mm \u010dini plo\u010dicu vrlo izdr\u017eljivom i prijatnom na dodir. Online cena je samo 4528,7 RSD, dok redovna, maloprodajna cena 5661,45 RSD.<\/p>\n<p>Kliknite na ime serije za sve plo\u010dice u toj seriji: <a class=\"pdfcatal\" href=\"\/\/www.ceramictiles.com\/pdf\/arcana\/catalogue_arcana_marble.pdf\" onclick=\"recordOutboundLink(this, 'E-mail', 'Description PDF');return false;\">Arcana tiles Marble<\/a><\/p>\n<p>Da bi naru\u010dili model iz PDF kataloga ove serije, molimo vas, da nas kontaktirate na: <a href=\"mailto:zo_mi@ceramictiles.com\" onclick=\"recordOutboundLink(this, 'E-mail', 'Description mail');return false;\">zo_mi@ceramictiles.com<\/a> ili nas pozovite na: For exact offer, PLS send us quantity and product you need with delivery address..<\/p>\n<p>Technical description: <br \/> W &#038; F 59,3&#215;59,3 <br \/>Daino Reale ; Alabastro ; Brecha Beige ; Brecha Damascata ; Arabescato ; Fossil ; Antique Crema ; Classique Arena ; Apuano ; Giallo Siena ;<\/p>\n","protected":false},"excerpt":{"rendered":"<p>Ta kolekcija, model plo\u010dice, se prodaje najvi\u0161e be\u017e boje. plo\u010dica proizvo\u0111a\u010da Arcana tiles iz \u0160panije. Veli\u010dina ove plo\u010dice je 60&#215;60 cm. Debljina 9 mm \u010dini plo\u010dicu vrlo izdr\u017eljivom i prijatnom na dodir. Online cena je samo 4528,7 RSD, dok redovna, maloprodajna cena 5661,45 RSD. Kliknite na ime serije za sve plo\u010dice u toj seriji: Arcana [&hellip;]<\/p>\n","protected":false},"featured_media":93110,"template":"","meta":[],"product_cat":[99921439,200,240,260,999,290,250],"product_tag":[],"_links":{"self":[{"href":"https:\/\/www.keramika.com\/srbija\/wp-json\/wp\/v2\/product\/93109"}],"collection":[{"href":"https:\/\/www.keramika.com\/srbija\/wp-json\/wp\/v2\/product"}],"about":[{"href":"https:\/\/www.keramika.com\/srbija\/wp-json\/wp\/v2\/types\/product"}],"wp:featuredmedia":[{"embeddable":true,"href":"https:\/\/www.keramika.com\/srbija\/wp-json\/wp\/v2\/media\/93110"}],"wp:attachment":[{"href":"https:\/\/www.keramika.com\/srbija\/wp-json\/wp\/v2\/media?parent=93109"}],"wp:term":[{"taxonomy":"product_cat","embeddable":true,"href":"https:\/\/www.keramika.com\/srbija\/wp-json\/wp\/v2\/product_cat?post=93109"},{"taxonomy":"product_tag","embeddable":true,"href":"https:\/\/www.keramika.com\/srbija\/wp-json\/wp\/v2\/product_tag?post=93109"}],"curies":[{"name":"wp","href":"https:\/\/api.w.org\/{rel}","templated":true}]}}