{"id":93103,"date":"2017-07-02T03:49:20","date_gmt":"2017-07-02T03:49:20","guid":{"rendered":"http:\/\/www.ceramictiles.com\/srbija\/product\/porcelanske-plocice-arcana-concrete-basalto\/"},"modified":"2026-01-03T00:00:41","modified_gmt":"2026-01-03T00:00:41","slug":"porcelanske-plocice-arcana-concrete-basalto","status":"publish","type":"product","link":"https:\/\/www.keramika.com\/srbija\/porcelanske-plocice-arcana-concrete-basalto\/","title":{"rendered":"Porcelanske plo\u010dice Arcana Concrete Basalto"},"content":{"rendered":"<p>Arcana Concrete Basalto dolazi iz \u0160panije, koja je poznata po vrlo visokoj kvaliteta keramike u svetu. Umesto 8317,95 RSD \u0161to je redovna maloprodajna cena keramike, u na\u0161oj online prodavnici, je mo\u017eete dobiti za samo 6653,9 RSD. Plo\u010dice be\u017e boje osvje\u017eit \u0107e svaki prostor. Veli\u010dina ove plo\u010dice je 45&#215;90 cm. Debljina 9 mm \u010dini plo\u010dicu vrlo izdr\u017eljivom i prijatnom na dodir.<\/p>\n<p>Kliknite na ime serije za sve plo\u010dice u toj seriji: <a class=\"pdfcatal\" href=\"\/\/www.ceramictiles.com\/pdf\/arcana\/catalogue_arcana_concrete.pdf\" onclick=\"recordOutboundLink(this, 'E-mail', 'Description PDF');return false;\">Arcana tiles Concrete<\/a><\/p>\n<p>Da bi naru\u010dili model iz PDF kataloga ove serije, molimo vas, da nas kontaktirate na: <a href=\"mailto:zo_mi@ceramictiles.com\" onclick=\"recordOutboundLink(this, 'E-mail', 'Description mail');return false;\">zo_mi@ceramictiles.com<\/a> ili nas pozovite na: For exact offer, PLS send us quantity and product you need with delivery address..<\/p>\n<p>Technical description: <br \/> W &#038; F 44,3&#215;89,3 <br \/>Concrete Gris ; Concrete Antracita ; Concrete Moka ; Concrete Basalto ;<\/p>\n","protected":false},"excerpt":{"rendered":"<p>Arcana Concrete Basalto dolazi iz \u0160panije, koja je poznata po vrlo visokoj kvaliteta keramike u svetu. Umesto 8317,95 RSD \u0161to je redovna maloprodajna cena keramike, u na\u0161oj online prodavnici, je mo\u017eete dobiti za samo 6653,9 RSD. Plo\u010dice be\u017e boje osvje\u017eit \u0107e svaki prostor. Veli\u010dina ove plo\u010dice je 45&#215;90 cm. Debljina 9 mm \u010dini plo\u010dicu vrlo [&hellip;]<\/p>\n","protected":false},"featured_media":93104,"template":"","meta":[],"product_cat":[99921439,200,240,260,999,270],"product_tag":[],"_links":{"self":[{"href":"https:\/\/www.keramika.com\/srbija\/wp-json\/wp\/v2\/product\/93103"}],"collection":[{"href":"https:\/\/www.keramika.com\/srbija\/wp-json\/wp\/v2\/product"}],"about":[{"href":"https:\/\/www.keramika.com\/srbija\/wp-json\/wp\/v2\/types\/product"}],"wp:featuredmedia":[{"embeddable":true,"href":"https:\/\/www.keramika.com\/srbija\/wp-json\/wp\/v2\/media\/93104"}],"wp:attachment":[{"href":"https:\/\/www.keramika.com\/srbija\/wp-json\/wp\/v2\/media?parent=93103"}],"wp:term":[{"taxonomy":"product_cat","embeddable":true,"href":"https:\/\/www.keramika.com\/srbija\/wp-json\/wp\/v2\/product_cat?post=93103"},{"taxonomy":"product_tag","embeddable":true,"href":"https:\/\/www.keramika.com\/srbija\/wp-json\/wp\/v2\/product_tag?post=93103"}],"curies":[{"name":"wp","href":"https:\/\/api.w.org\/{rel}","templated":true}]}}