{"id":93093,"date":"2017-07-02T03:47:48","date_gmt":"2017-07-02T03:47:48","guid":{"rendered":"http:\/\/www.ceramictiles.com\/srbija\/product\/zidne-plocice-arcana-aquarelle-rosso\/"},"modified":"2026-01-03T00:00:40","modified_gmt":"2026-01-03T00:00:40","slug":"zidne-plocice-arcana-aquarelle-rosso","status":"publish","type":"product","link":"https:\/\/www.keramika.com\/srbija\/zidne-plocice-arcana-aquarelle-rosso\/","title":{"rendered":"Zidne plo\u010dice Arcana Aquarelle Rosso"},"content":{"rendered":"<p>6167,45 RSD je redovna prodajna cena keramike, tu pa samo 4933,5 RSD. Ova plo\u010dica je debela 9 mm i zato je izuzetno izdr\u017eljiva. Dimenzije ovih plo\u010dica su 25&#215;75 cm. Ove plo\u010dice dolaze od proizvo\u0111a\u010da Arcana tiles, iz \u0160panije. Keramika je prekrasne crvene boje. U koliko \u017eelite neku drugu boju, pozovite nas i mi \u0107emo proveriti kod proizvo\u0111a\u010da.<\/p>\n<p>Kliknite na ime serije za sve plo\u010dice u toj seriji: <a class=\"pdfcatal\" href=\"\/\/www.ceramictiles.com\/pdf\/arcana\/catalogue_arcana_aquarelle.pdf\" onclick=\"recordOutboundLink(this, 'E-mail', 'Description PDF');return false;\">Arcana tiles Aquarelle<\/a><\/p>\n<p>Da bi naru\u010dili model iz PDF kataloga ove serije, molimo vas, da nas kontaktirate na: <a href=\"mailto:zo_mi@ceramictiles.com\" onclick=\"recordOutboundLink(this, 'E-mail', 'Description mail');return false;\">zo_mi@ceramictiles.com<\/a> ili nas pozovite na: For exact offer, PLS send us quantity and product you need with delivery address..<\/p>\n<p>Technical description: <br \/> W 25&#215;75 <br \/>Aquarelle Bone ; Aquarelle Beige ; Aquarelle Turquesa ; Aquarelle Nero ; Aquarelle Rosso ; Aquarelle Moka ;<\/p>\n","protected":false},"excerpt":{"rendered":"<p>6167,45 RSD je redovna prodajna cena keramike, tu pa samo 4933,5 RSD. Ova plo\u010dica je debela 9 mm i zato je izuzetno izdr\u017eljiva. Dimenzije ovih plo\u010dica su 25&#215;75 cm. Ove plo\u010dice dolaze od proizvo\u0111a\u010da Arcana tiles, iz \u0160panije. Keramika je prekrasne crvene boje. U koliko \u017eelite neku drugu boju, pozovite nas i mi \u0107emo proveriti [&hellip;]<\/p>\n","protected":false},"featured_media":93094,"template":"","meta":[],"product_cat":[99921439,200,220,999,250],"product_tag":[],"_links":{"self":[{"href":"https:\/\/www.keramika.com\/srbija\/wp-json\/wp\/v2\/product\/93093"}],"collection":[{"href":"https:\/\/www.keramika.com\/srbija\/wp-json\/wp\/v2\/product"}],"about":[{"href":"https:\/\/www.keramika.com\/srbija\/wp-json\/wp\/v2\/types\/product"}],"wp:featuredmedia":[{"embeddable":true,"href":"https:\/\/www.keramika.com\/srbija\/wp-json\/wp\/v2\/media\/93094"}],"wp:attachment":[{"href":"https:\/\/www.keramika.com\/srbija\/wp-json\/wp\/v2\/media?parent=93093"}],"wp:term":[{"taxonomy":"product_cat","embeddable":true,"href":"https:\/\/www.keramika.com\/srbija\/wp-json\/wp\/v2\/product_cat?post=93093"},{"taxonomy":"product_tag","embeddable":true,"href":"https:\/\/www.keramika.com\/srbija\/wp-json\/wp\/v2\/product_tag?post=93093"}],"curies":[{"name":"wp","href":"https:\/\/api.w.org\/{rel}","templated":true}]}}