{"id":93079,"date":"2017-07-02T03:45:34","date_gmt":"2017-07-02T03:45:34","guid":{"rendered":"http:\/\/www.ceramictiles.com\/srbija\/product\/podne-i-zidne-plocice-alcalagres-rios-loa\/"},"modified":"2026-01-03T00:00:39","modified_gmt":"2026-01-03T00:00:39","slug":"podne-i-zidne-plocice-alcalagres-rios-loa","status":"publish","type":"product","link":"https:\/\/www.keramika.com\/srbija\/podne-i-zidne-plocice-alcalagres-rios-loa\/","title":{"rendered":"Podne i zidne plo\u010dice Alcalagres Rios Loa"},"content":{"rendered":"<p>Dimenzije ovih plo\u010dica su 40&#215;40 cm. Ova plo\u010dica je debela 14 mm i zato je izuzetno izdr\u017eljiva. Alcalagres Rios Loa dolazi iz \u0160panije, koja je poznata po vrlo visokoj kvaliteta keramike u svetu. Ove be\u017e kerami\u010dke plo\u010dice, obogatit \u0107e svaki prostor. 4923,15 RSD je redovna prodajna cena keramike, tu pa samo 3938,75 RSD.<\/p>\n<p>Kliknite na ime serije za sve plo\u010dice u toj seriji: <a class=\"pdfcatal\" href=\"\/\/www.ceramictiles.com\/pdf\/alcalagres\/catalogue_alcalagres_rios.pdf\" onclick=\"recordOutboundLink(this, 'E-mail', 'Description PDF');return false;\">Alcalagres Rios<\/a><\/p>\n<p>Da bi naru\u010dili model iz PDF kataloga ove serije, molimo vas, da nas kontaktirate na: <a href=\"mailto:zo_mi@ceramictiles.com\" onclick=\"recordOutboundLink(this, 'E-mail', 'Description mail');return false;\">zo_mi@ceramictiles.com<\/a> ili nas pozovite na: For exact offer, PLS send us quantity and product you need with delivery address..<\/p>\n<p>Technical description: <br \/>  W &#038; F: 30&#215;30 ; 40&#215;40 ; 60&#215;60 <br \/>Rios Nilo Mate ; Rios Nilo Pulido ; Rios Paran\u00e1 Mate ; Rios Paran\u00e1 Pulido ; Rios Paran\u00e1 Antideslizante ; Rios Paran\u00e1 Espesorado 14 Mm. ; Rios Mijares Mate ; Rios Mijares Pulido ; Rios Mijares Antideslizante ; Rios Mijares Trafic ; Rios Mijares Espesorado 12 Mm. ; Rios Mijares Espesorado 14 Mm. ; Rios Segre Mate ; Rios Segre Pulido ; Rios Segre Antideslizante ; Rios Segre Trafic ; Rios Segre Espesorado 12 Mm. ; Rios Segre Espesorado 14 Mm. ; Rios Loa Mate ; Rios Loa Pulido ; Rios Loa Antideslizante ; Rios Loa Espesorado 12 Mm. ; Rios Loa Espesorado 14 Mm. ; Rios Hudson Mate ; Rios Hudson Pulido ; Rios Hudson Antideslizante ; Rios Hudson Espesorado 14 Mm. ; Rios Ter Mate ; Rios Ter Pulido ; Rios Genil Mate ; Rios Genil Pulido ; Rios Tiber Mate ; Rios Tiber Pulido ;<\/p>\n","protected":false},"excerpt":{"rendered":"<p>Dimenzije ovih plo\u010dica su 40&#215;40 cm. Ova plo\u010dica je debela 14 mm i zato je izuzetno izdr\u017eljiva. Alcalagres Rios Loa dolazi iz \u0160panije, koja je poznata po vrlo visokoj kvaliteta keramike u svetu. Ove be\u017e kerami\u010dke plo\u010dice, obogatit \u0107e svaki prostor. 4923,15 RSD je redovna prodajna cena keramike, tu pa samo 3938,75 RSD. Kliknite na [&hellip;]<\/p>\n","protected":false},"featured_media":93080,"template":"","meta":[],"product_cat":[99952,200,240,260,999,290,250],"product_tag":[],"_links":{"self":[{"href":"https:\/\/www.keramika.com\/srbija\/wp-json\/wp\/v2\/product\/93079"}],"collection":[{"href":"https:\/\/www.keramika.com\/srbija\/wp-json\/wp\/v2\/product"}],"about":[{"href":"https:\/\/www.keramika.com\/srbija\/wp-json\/wp\/v2\/types\/product"}],"wp:featuredmedia":[{"embeddable":true,"href":"https:\/\/www.keramika.com\/srbija\/wp-json\/wp\/v2\/media\/93080"}],"wp:attachment":[{"href":"https:\/\/www.keramika.com\/srbija\/wp-json\/wp\/v2\/media?parent=93079"}],"wp:term":[{"taxonomy":"product_cat","embeddable":true,"href":"https:\/\/www.keramika.com\/srbija\/wp-json\/wp\/v2\/product_cat?post=93079"},{"taxonomy":"product_tag","embeddable":true,"href":"https:\/\/www.keramika.com\/srbija\/wp-json\/wp\/v2\/product_tag?post=93079"}],"curies":[{"name":"wp","href":"https:\/\/api.w.org\/{rel}","templated":true}]}}