{"id":92982,"date":"2017-07-02T03:23:19","date_gmt":"2017-07-02T03:23:19","guid":{"rendered":"http:\/\/www.ceramictiles.com\/srbija\/product\/zidne-plocice-aparici-legacy-ivory\/"},"modified":"2017-07-02T03:23:19","modified_gmt":"2017-07-02T03:23:19","slug":"zidne-plocice-aparici-legacy-ivory","status":"publish","type":"product","link":"https:\/\/www.keramika.com\/srbija\/zidne-plocice-aparici-legacy-ivory\/","title":{"rendered":"Zidne plo\u010dice Aparici Legacy Ivory"},"content":{"rendered":"<p>Veli\u010dina 29,75&#215;89,46 cm je odli\u010dna za sve podloge. plo\u010dica proizvo\u0111a\u010da Aparici iz \u0160panije. 7 mm debljina \u0107e zadovoljiti i najzahtevnije kupce. Izuzetno moderne plo\u010dice be\u017e boje, osve\u017eit \u0107e svaki prostor.<\/p>\n<p>Kliknite na ime serije za sve plo\u010dice u toj seriji: <a class=\"pdfcatal\" href=\"\/\/www.ceramictiles.com\/pdf\/aparici\/catalogue_aparici_legacy.pdf\" onclick=\"recordOutboundLink(this, 'E-mail', 'Description PDF');return false;\">Aparici Legacy<\/a><\/p>\n<p>Da bi naru\u010dili model iz PDF kataloga ove serije, molimo vas, da nas kontaktirate na: <a href=\"mailto:zo_mi@ceramictiles.com\" onclick=\"recordOutboundLink(this, 'E-mail', 'Description mail');return false;\">zo_mi@ceramictiles.com<\/a> ili nas pozovite na: For exact offer, PLS send us quantity and product you need with delivery address..<\/p>\n<p>Technical description: <br \/> W &#038; F 29,75&#215;89,46 ; 44,63&#215;44,63 <br \/>Legacy Ivory ; Legacy Noce ; Legacy Noce Natural ;<\/p>\n","protected":false},"excerpt":{"rendered":"<p>Veli\u010dina 29,75&#215;89,46 cm je odli\u010dna za sve podloge. plo\u010dica proizvo\u0111a\u010da Aparici iz \u0160panije. 7 mm debljina \u0107e zadovoljiti i najzahtevnije kupce. Izuzetno moderne plo\u010dice be\u017e boje, osve\u017eit \u0107e svaki prostor. Kliknite na ime serije za sve plo\u010dice u toj seriji: Aparici Legacy Da bi naru\u010dili model iz PDF kataloga ove serije, molimo vas, da nas [&hellip;]<\/p>\n","protected":false},"featured_media":92983,"template":"","meta":[],"product_cat":[999773,200,220,999,250],"product_tag":[],"_links":{"self":[{"href":"https:\/\/www.keramika.com\/srbija\/wp-json\/wp\/v2\/product\/92982"}],"collection":[{"href":"https:\/\/www.keramika.com\/srbija\/wp-json\/wp\/v2\/product"}],"about":[{"href":"https:\/\/www.keramika.com\/srbija\/wp-json\/wp\/v2\/types\/product"}],"wp:featuredmedia":[{"embeddable":true,"href":"https:\/\/www.keramika.com\/srbija\/wp-json\/wp\/v2\/media\/92983"}],"wp:attachment":[{"href":"https:\/\/www.keramika.com\/srbija\/wp-json\/wp\/v2\/media?parent=92982"}],"wp:term":[{"taxonomy":"product_cat","embeddable":true,"href":"https:\/\/www.keramika.com\/srbija\/wp-json\/wp\/v2\/product_cat?post=92982"},{"taxonomy":"product_tag","embeddable":true,"href":"https:\/\/www.keramika.com\/srbija\/wp-json\/wp\/v2\/product_tag?post=92982"}],"curies":[{"name":"wp","href":"https:\/\/api.w.org\/{rel}","templated":true}]}}